{"id":3703,"date":"2022-02-21T17:44:53","date_gmt":"2022-02-21T16:44:53","guid":{"rendered":"http:\/\/www.walhalla-lamm.de\/cms\/?page_id=3703"},"modified":"2022-03-18T09:46:23","modified_gmt":"2022-03-18T08:46:23","slug":"coburger-fuchsschaf-eine-vom-aussterben-bedrohte-nutztierrasse","status":"publish","type":"page","link":"https:\/\/www.walhalla-lamm.de\/cms\/coburger-fuchsschaf-eine-vom-aussterben-bedrohte-nutztierrasse\/","title":{"rendered":"Coburger Fuchsschaf \u2014 Eine vom Aussterben bedrohte Nutztierrasse"},"content":{"rendered":"\n<div class=\"wp-block-buttons is-layout-flex wp-block-buttons-is-layout-flex\">\n<div class=\"wp-block-button\"><a class=\"wp-block-button__link\" href=\"http:\/\/www.walhalla-lamm.de\/cms\/unsere-tiere\/\" target=\"_blank\" rel=\"noreferrer noopener\">Unsere Tiere<\/a><\/div>\n\n\n\n<div class=\"wp-block-button\"><a class=\"wp-block-button__link\" href=\"http:\/\/www.walhalla-lamm.de\/cms\/waldschaf-eine-vom-aussterben-bedrohte-nutztierrasse\/\" target=\"_blank\" rel=\"noreferrer noopener\">Waldschaf<\/a><\/div>\n\n\n\n<div class=\"wp-block-button\"><a class=\"wp-block-button__link\" href=\"http:\/\/www.walhalla-lamm.de\/cms\/coburger-fuchsschaf-eine-vom-aussterben-bedrohte-nutztierrasse\/\" target=\"_blank\" rel=\"noreferrer noopener\">Coburger Fuchsschaf<\/a><\/div>\n\n\n\n<div class=\"wp-block-button\"><a class=\"wp-block-button__link\" href=\"http:\/\/www.walhalla-lamm.de\/cms\/bentheimer-landschaf-eine-vom-aussterben-bedrohte-nutztierrasse\/\" target=\"_blank\" rel=\"noreferrer noopener\">Bentheimer Landschaf<\/a><\/div>\n\n\n\n<div class=\"wp-block-button\"><a class=\"wp-block-button__link\" href=\"http:\/\/www.walhalla-lamm.de\/cms\/buendner-strahlenziege-eine-vom-aussterben-bedrohte-nutztierrasse\/\" target=\"_blank\" rel=\"noreferrer noopener\">B\u00fcndner Strahlenziege<\/a><\/div>\n\n\n\n<div class=\"wp-block-button\"><a class=\"wp-block-button__link\" href=\"http:\/\/www.walhalla-lamm.de\/cms\/hinterwaelder-rind-eine-vom-aussterben-bedrohte-nutztierrasse\/\" target=\"_blank\" rel=\"noreferrer noopener\">Hinterw\u00e4lder Rind<\/a><\/div>\n\n\n<\/div>\n\n\n\n<div style=\"height:24px\" aria-hidden=\"true\" class=\"wp-block-spacer\"><\/div>\n\n\n\n<div class=\"wp-block-media-text alignwide is-stacked-on-mobile is-vertically-aligned-center\" style=\"grid-template-columns:25% auto\"><figure class=\"wp-block-media-text__media\"><img decoding=\"async\" width=\"150\" height=\"300\" data-src=\"http:\/\/www.walhalla-lamm.de\/cms\/wp-content\/uploads\/2022\/02\/coburger_fuchsschaf_mutterschaf.jpg\" alt=\"coburger_fuchsschaf_mutterschaf\" class=\"wp-image-3704 size-full lazyload\" src=\"data:image\/svg+xml;base64,PHN2ZyB3aWR0aD0iMSIgaGVpZ2h0PSIxIiB4bWxucz0iaHR0cDovL3d3dy53My5vcmcvMjAwMC9zdmciPjwvc3ZnPg==\" style=\"--smush-placeholder-width: 150px; --smush-placeholder-aspect-ratio: 150\/300;\" \/><\/figure><div class=\"wp-block-media-text__content\">\n<h2 class=\"wp-block-heading\" id=\"rassebeschreibung\">RASSEBESCHREIBUNG<\/h2>\n\n\n\n<p>Mittelgro\u00dfes Landschaf. Der hornlose, schmale, edle Kopf ist bis hinter die Ohren un\u00adbe\u00adwollt, von gold\u00adgelber bis rot\u00adbrauner Farbe (Gold\u00adfuchs\/Rot\u00adfuchs) gelegent\u00adlich mit kleinem Woll\u00adschopf (Schaupe) und leichter Rams\u00adnase. Die Beine sind fein\u00adknochig, eben\u00adfalls un\u00adbe\u00adwollt und von der gleichen Farbe wie der Kopf. Die Wolle ist wei\u00df\u00adlich mit einem gold\u00adenen bis rot-braunen Schimmer (meliert). Scheitelung ist m\u00f6g\u00adlich. Das Vlies der Neu\u00adge\u00adborenen ist rot\u00adbraun und hellt mit zu\u00adnehmendem Alter auf; man spricht vom Goldenen Vlies.<\/p>\n<\/div><\/div>\n\n\n\n<div class=\"wp-block-media-text alignwide has-media-on-the-right is-stacked-on-mobile is-vertically-aligned-center\" style=\"grid-template-columns:auto 25%\"><figure class=\"wp-block-media-text__media\"><img decoding=\"async\" width=\"150\" height=\"150\" data-src=\"http:\/\/www.walhalla-lamm.de\/cms\/wp-content\/uploads\/2022\/02\/coburger_fuchsschaf_lamm.jpg\" alt=\"coburger_fuchsschaf_lamm\" class=\"wp-image-3705 size-full lazyload\" data-srcset=\"https:\/\/www.walhalla-lamm.de\/cms\/wp-content\/uploads\/2022\/02\/coburger_fuchsschaf_lamm.jpg 150w, https:\/\/www.walhalla-lamm.de\/cms\/wp-content\/uploads\/2022\/02\/coburger_fuchsschaf_lamm-100x100.jpg 100w\" data-sizes=\"(max-width: 150px) 100vw, 150px\" src=\"data:image\/svg+xml;base64,PHN2ZyB3aWR0aD0iMSIgaGVpZ2h0PSIxIiB4bWxucz0iaHR0cDovL3d3dy53My5vcmcvMjAwMC9zdmciPjwvc3ZnPg==\" style=\"--smush-placeholder-width: 150px; --smush-placeholder-aspect-ratio: 150\/150;\" \/><\/figure><div class=\"wp-block-media-text__content\">\n<h2 class=\"wp-block-heading\" id=\"herkunft\">HERKUNFT<\/h2>\n\n\n\n<p>Alte, boden\u00adst\u00e4ndige Land\u00adrasse, noch zu Beginn des 20. Jahr\u00adhunderts in einzelnen lokalen Schl\u00e4gen (z. B. Coburger F\u00fcchse, Oberpf\u00e4lzer F\u00fcchse, Wester\u00adw\u00e4lder und Eifeler F\u00fcchse) weit ver\u00adbreitet. Auf\u00adgrund ge\u00e4nder\u00adter Leistungs\u00adan\u00adspr\u00fcche in der Folge\u00adzeit nahe\u00adzu aus\u00adge\u00adstorben und nur durch wenige Idealisten er\u00adhalten und von der&nbsp;<a href=\"http:\/\/www.dlg.org\/\" target=\"_blank\" rel=\"noreferrer noopener\">DLG<\/a>&nbsp;als Rasse Coburger Fuchs\u00adschaf an\u00aderkannt.<\/p>\n<\/div><\/div>\n\n\n\n<div class=\"wp-block-media-text alignwide is-stacked-on-mobile is-vertically-aligned-center is-image-fill\" style=\"grid-template-columns:25% auto\"><figure class=\"wp-block-media-text__media lazyload\" style=\"background-image:inherit;background-position:34% 48%\" data-bg-image=\"url(http:\/\/www.walhalla-lamm.de\/cms\/wp-content\/uploads\/2022\/02\/coburger_fuchsschaf_kopf.jpg)\"><img decoding=\"async\" width=\"150\" height=\"233\" data-src=\"http:\/\/www.walhalla-lamm.de\/cms\/wp-content\/uploads\/2022\/02\/coburger_fuchsschaf_kopf.jpg\" alt=\"coburger_fuchsschaf_kopf\" class=\"wp-image-3706 size-full lazyload\" src=\"data:image\/svg+xml;base64,PHN2ZyB3aWR0aD0iMSIgaGVpZ2h0PSIxIiB4bWxucz0iaHR0cDovL3d3dy53My5vcmcvMjAwMC9zdmciPjwvc3ZnPg==\" style=\"--smush-placeholder-width: 150px; --smush-placeholder-aspect-ratio: 150\/233;\" \/><\/figure><div class=\"wp-block-media-text__content\">\n<h2 class=\"wp-block-heading\" id=\"kennzeichen\">KENNZEICHEN<\/h2>\n\n\n\n<p>Mittel\u00adgro\u00dfes Land\u00adschaf mit braunem Kopf und Extremit\u00e4ten, Vlies je\u00addoch wei\u00df\u00adlich mit Gold\u00adstich. L\u00e4mmer voll\u00adst\u00e4ndig braun. B\u00f6cke: 80 bis 100 kg, Muttern: 55 bis 75 kg.<\/p>\n\n\n\n<h2 class=\"wp-block-heading\" id=\"eigenschaften-leistungen\">EIGENSCHAFTEN&nbsp;\/&nbsp;LEISTUNGEN<\/h2>\n\n\n\n<p>Widerstandsf\u00e4hig, gen\u00fcgsam, dabei futter\u00addank\u00adbar, frucht\u00adbar und lang\u00adlebig. Gute Marsch- und Pferch\u00adf\u00e4hig\u00adkeit; ein\u00adsetz\u00adbar in Koppel- und H\u00fcte\u00adhaltung, zu\u00adnehmend auch zur Land\u00adschafts\u00adpflege. Be\u00adsonders ge\u00adeignet f\u00fcr rauhe Mittel\u00adge\u00adbirgs\u00adlagen. Das Fleisch der L\u00e4mmer und auch das der \u00e4lteren Schafe weist bei art\u00adgerechter Haltung kaum Fett\u00adan\u00adsatz auf. Es ist wohl\u00adschmeckend und zart.<\/p>\n<\/div><\/div>\n\n\n\n<div class=\"wp-block-media-text alignwide has-media-on-the-right is-stacked-on-mobile is-vertically-aligned-center\"><figure class=\"wp-block-media-text__media\"><img decoding=\"async\" width=\"800\" height=\"600\" data-src=\"http:\/\/www.walhalla-lamm.de\/cms\/wp-content\/uploads\/2022\/02\/coburger_fuchsschafe_wmt_pentling_detail_3398.jpg\" alt=\"coburger_fuchsschafe_wmt_pentling\" class=\"wp-image-3707 size-full lazyload\" data-srcset=\"https:\/\/www.walhalla-lamm.de\/cms\/wp-content\/uploads\/2022\/02\/coburger_fuchsschafe_wmt_pentling_detail_3398.jpg 800w, https:\/\/www.walhalla-lamm.de\/cms\/wp-content\/uploads\/2022\/02\/coburger_fuchsschafe_wmt_pentling_detail_3398-600x450.jpg 600w, https:\/\/www.walhalla-lamm.de\/cms\/wp-content\/uploads\/2022\/02\/coburger_fuchsschafe_wmt_pentling_detail_3398-300x225.jpg 300w, https:\/\/www.walhalla-lamm.de\/cms\/wp-content\/uploads\/2022\/02\/coburger_fuchsschafe_wmt_pentling_detail_3398-768x576.jpg 768w, https:\/\/www.walhalla-lamm.de\/cms\/wp-content\/uploads\/2022\/02\/coburger_fuchsschafe_wmt_pentling_detail_3398-416x312.jpg 416w\" data-sizes=\"(max-width: 800px) 100vw, 800px\" src=\"data:image\/svg+xml;base64,PHN2ZyB3aWR0aD0iMSIgaGVpZ2h0PSIxIiB4bWxucz0iaHR0cDovL3d3dy53My5vcmcvMjAwMC9zdmciPjwvc3ZnPg==\" style=\"--smush-placeholder-width: 800px; --smush-placeholder-aspect-ratio: 800\/600;\" \/><\/figure><div class=\"wp-block-media-text__content\">\n<h2 class=\"wp-block-heading\" id=\"gefahrdungsgrad\">GEF\u00c4HRDUNGSGRAD<\/h2>\n\n\n\n<p>Zur Bestandsbeobachtung in der Roten Liste der&nbsp;<a href=\"http:\/\/www.g-e-h.de\/\" target=\"_blank\" rel=\"noreferrer noopener\">Gesellschaft zur Erhaltung alter und gef\u00e4hrdeter Haustierrassen<\/a>.<\/p>\n<\/div><\/div>\n\n\n\n<div style=\"height:24px\" aria-hidden=\"true\" class=\"wp-block-spacer\"><\/div>\n\n\n\n<div class=\"wp-block-buttons is-layout-flex wp-block-buttons-is-layout-flex\">\n<div class=\"wp-block-button\"><a class=\"wp-block-button__link\" href=\"http:\/\/www.walhalla-lamm.de\/cms\/unsere-tiere\/\" target=\"_blank\" rel=\"noreferrer noopener\">Unsere Tiere<\/a><\/div>\n\n\n\n<div class=\"wp-block-button\"><a class=\"wp-block-button__link\" href=\"http:\/\/www.walhalla-lamm.de\/cms\/waldschaf-eine-vom-aussterben-bedrohte-nutztierrasse\/\" target=\"_blank\" rel=\"noreferrer noopener\">Waldschaf<\/a><\/div>\n\n\n\n<div class=\"wp-block-button\"><a class=\"wp-block-button__link\" href=\"http:\/\/www.walhalla-lamm.de\/cms\/coburger-fuchsschaf-eine-vom-aussterben-bedrohte-nutztierrasse\/\" target=\"_blank\" rel=\"noreferrer noopener\">Coburger Fuchsschaf<\/a><\/div>\n\n\n\n<div class=\"wp-block-button\"><a class=\"wp-block-button__link\" href=\"http:\/\/www.walhalla-lamm.de\/cms\/bentheimer-landschaf-eine-vom-aussterben-bedrohte-nutztierrasse\/\" target=\"_blank\" rel=\"noreferrer noopener\">Bentheimer Landschaf<\/a><\/div>\n\n\n\n<div class=\"wp-block-button\"><a class=\"wp-block-button__link\" href=\"http:\/\/www.walhalla-lamm.de\/cms\/buendner-strahlenziege-eine-vom-aussterben-bedrohte-nutztierrasse\/\" target=\"_blank\" rel=\"noreferrer noopener\">B\u00fcndner Strahlenziege<\/a><\/div>\n\n\n\n<div class=\"wp-block-button\"><a class=\"wp-block-button__link\" href=\"http:\/\/www.walhalla-lamm.de\/cms\/hinterwaelder-rind-eine-vom-aussterben-bedrohte-nutztierrasse\/\" target=\"_blank\" rel=\"noreferrer noopener\">Hinterw\u00e4lder Rind<\/a><\/div>\n\n\n<\/div>\n","protected":false},"excerpt":{"rendered":"<p>RASSEBESCHREIBUNG Mittelgro\u00dfes Landschaf. Der hornlose, schmale, edle Kopf ist bis hinter die Ohren un\u00adbe\u00adwollt, von gold\u00adgelber bis rot\u00adbrauner Farbe (Gold\u00adfuchs\/Rot\u00adfuchs) gelegent\u00adlich mit kleinem Woll\u00adschopf (Schaupe) und leichter Rams\u00adnase. Die Beine sind fein\u00adknochig, eben\u00adfalls un\u00adbe\u00adwollt und von der gleichen Farbe wie der Kopf. Die Wolle ist wei\u00df\u00adlich mit einem gold\u00adenen bis rot-braunen Schimmer (meliert). Scheitelung ist [&hellip;]<\/p>\n","protected":false},"author":399,"featured_media":0,"parent":0,"menu_order":0,"comment_status":"closed","ping_status":"closed","template":"","meta":{"footnotes":""},"class_list":["post-3703","page","type-page","status-publish","hentry"],"_links":{"self":[{"href":"https:\/\/www.walhalla-lamm.de\/cms\/wp-json\/wp\/v2\/pages\/3703","targetHints":{"allow":["GET"]}}],"collection":[{"href":"https:\/\/www.walhalla-lamm.de\/cms\/wp-json\/wp\/v2\/pages"}],"about":[{"href":"https:\/\/www.walhalla-lamm.de\/cms\/wp-json\/wp\/v2\/types\/page"}],"author":[{"embeddable":true,"href":"https:\/\/www.walhalla-lamm.de\/cms\/wp-json\/wp\/v2\/users\/399"}],"replies":[{"embeddable":true,"href":"https:\/\/www.walhalla-lamm.de\/cms\/wp-json\/wp\/v2\/comments?post=3703"}],"version-history":[{"count":4,"href":"https:\/\/www.walhalla-lamm.de\/cms\/wp-json\/wp\/v2\/pages\/3703\/revisions"}],"predecessor-version":[{"id":4145,"href":"https:\/\/www.walhalla-lamm.de\/cms\/wp-json\/wp\/v2\/pages\/3703\/revisions\/4145"}],"wp:attachment":[{"href":"https:\/\/www.walhalla-lamm.de\/cms\/wp-json\/wp\/v2\/media?parent=3703"}],"curies":[{"name":"wp","href":"https:\/\/api.w.org\/{rel}","templated":true}]}}

<div class="wp-block-buttons is-layout-flex wp-block-buttons-is-layout-flex">
<div class="wp-block-button"><a class="wp-block-button__link" href="http://www.walhalla-lamm.de/cms/unsere-tiere/" target="_blank" rel="noreferrer noopener">Unsere Tiere</a></div>



<div class="wp-block-button"><a class="wp-block-button__link" href="http://www.walhalla-lamm.de/cms/waldschaf-eine-vom-aussterben-bedrohte-nutztierrasse/" target="_blank" rel="noreferrer noopener">Waldschaf</a></div>



<div class="wp-block-button"><a class="wp-block-button__link" href="http://www.walhalla-lamm.de/cms/coburger-fuchsschaf-eine-vom-aussterben-bedrohte-nutztierrasse/" target="_blank" rel="noreferrer noopener">Coburger Fuchsschaf</a></div>



<div class="wp-block-button"><a class="wp-block-button__link" href="http://www.walhalla-lamm.de/cms/bentheimer-landschaf-eine-vom-aussterben-bedrohte-nutztierrasse/" target="_blank" rel="noreferrer noopener">Bentheimer Landschaf</a></div>



<div class="wp-block-button"><a class="wp-block-button__link" href="http://www.walhalla-lamm.de/cms/buendner-strahlenziege-eine-vom-aussterben-bedrohte-nutztierrasse/" target="_blank" rel="noreferrer noopener">Bündner Strahlenziege</a></div>



<div class="wp-block-button"><a class="wp-block-button__link" href="http://www.walhalla-lamm.de/cms/hinterwaelder-rind-eine-vom-aussterben-bedrohte-nutztierrasse/" target="_blank" rel="noreferrer noopener">Hinterwälder Rind</a></div>


</div>



<div style="height:24px" aria-hidden="true" class="wp-block-spacer"></div>



<div class="wp-block-media-text alignwide is-stacked-on-mobile is-vertically-aligned-center" style="grid-template-columns:25% auto"><figure class="wp-block-media-text__media"><img decoding="async" width="150" height="300" data-src="http://www.walhalla-lamm.de/cms/wp-content/uploads/2022/02/coburger_fuchsschaf_mutterschaf.jpg" alt="coburger_fuchsschaf_mutterschaf" class="wp-image-3704 size-full lazyload" src="data:image/svg+xml;base64,PHN2ZyB3aWR0aD0iMSIgaGVpZ2h0PSIxIiB4bWxucz0iaHR0cDovL3d3dy53My5vcmcvMjAwMC9zdmciPjwvc3ZnPg==" style="--smush-placeholder-width: 150px; --smush-placeholder-aspect-ratio: 150/300;" /></figure><div class="wp-block-media-text__content">
<h2 class="wp-block-heading" id="rassebeschreibung">RASSEBESCHREIBUNG</h2>



<p>Mittelgroßes Landschaf. Der hornlose, schmale, edle Kopf ist bis hinter die Ohren un­be­wollt, von gold­gelber bis rot­brauner Farbe (Gold­fuchs/Rot­fuchs) gelegent­lich mit kleinem Woll­schopf (Schaupe) und leichter Rams­nase. Die Beine sind fein­knochig, eben­falls un­be­wollt und von der gleichen Farbe wie der Kopf. Die Wolle ist weiß­lich mit einem gold­enen bis rot-braunen Schimmer (meliert). Scheitelung ist mög­lich. Das Vlies der Neu­ge­borenen ist rot­braun und hellt mit zu­nehmendem Alter auf; man spricht vom Goldenen Vlies.</p>
</div></div>



<div class="wp-block-media-text alignwide has-media-on-the-right is-stacked-on-mobile is-vertically-aligned-center" style="grid-template-columns:auto 25%"><figure class="wp-block-media-text__media"><img decoding="async" width="150" height="150" data-src="http://www.walhalla-lamm.de/cms/wp-content/uploads/2022/02/coburger_fuchsschaf_lamm.jpg" alt="coburger_fuchsschaf_lamm" class="wp-image-3705 size-full lazyload" data-srcset="https://www.walhalla-lamm.de/cms/wp-content/uploads/2022/02/coburger_fuchsschaf_lamm.jpg 150w, https://www.walhalla-lamm.de/cms/wp-content/uploads/2022/02/coburger_fuchsschaf_lamm-100x100.jpg 100w" data-sizes="(max-width: 150px) 100vw, 150px" src="data:image/svg+xml;base64,PHN2ZyB3aWR0aD0iMSIgaGVpZ2h0PSIxIiB4bWxucz0iaHR0cDovL3d3dy53My5vcmcvMjAwMC9zdmciPjwvc3ZnPg==" style="--smush-placeholder-width: 150px; --smush-placeholder-aspect-ratio: 150/150;" /></figure><div class="wp-block-media-text__content">
<h2 class="wp-block-heading" id="herkunft">HERKUNFT</h2>



<p>Alte, boden­ständige Land­rasse, noch zu Beginn des 20. Jahr­hunderts in einzelnen lokalen Schlägen (z. B. Coburger Füchse, Oberpfälzer Füchse, Wester­wälder und Eifeler Füchse) weit ver­breitet. Auf­grund geänder­ter Leistungs­an­sprüche in der Folge­zeit nahe­zu aus­ge­storben und nur durch wenige Idealisten er­halten und von der&nbsp;<a href="http://www.dlg.org/" target="_blank" rel="noreferrer noopener">DLG</a>&nbsp;als Rasse Coburger Fuchs­schaf an­erkannt.</p>
</div></div>



<div class="wp-block-media-text alignwide is-stacked-on-mobile is-vertically-aligned-center is-image-fill" style="grid-template-columns:25% auto"><figure class="wp-block-media-text__media lazyload" style="background-image:inherit;background-position:34% 48%" data-bg-image="url(http://www.walhalla-lamm.de/cms/wp-content/uploads/2022/02/coburger_fuchsschaf_kopf.jpg)"><img decoding="async" width="150" height="233" data-src="http://www.walhalla-lamm.de/cms/wp-content/uploads/2022/02/coburger_fuchsschaf_kopf.jpg" alt="coburger_fuchsschaf_kopf" class="wp-image-3706 size-full lazyload" src="data:image/svg+xml;base64,PHN2ZyB3aWR0aD0iMSIgaGVpZ2h0PSIxIiB4bWxucz0iaHR0cDovL3d3dy53My5vcmcvMjAwMC9zdmciPjwvc3ZnPg==" style="--smush-placeholder-width: 150px; --smush-placeholder-aspect-ratio: 150/233;" /></figure><div class="wp-block-media-text__content">
<h2 class="wp-block-heading" id="kennzeichen">KENNZEICHEN</h2>



<p>Mittel­großes Land­schaf mit braunem Kopf und Extremitäten, Vlies je­doch weiß­lich mit Gold­stich. Lämmer voll­ständig braun. Böcke: 80 bis 100 kg, Muttern: 55 bis 75 kg.</p>



<h2 class="wp-block-heading" id="eigenschaften-leistungen">EIGENSCHAFTEN&nbsp;/&nbsp;LEISTUNGEN</h2>



<p>Widerstandsfähig, genügsam, dabei futter­dank­bar, frucht­bar und lang­lebig. Gute Marsch- und Pferch­fähig­keit; ein­setz­bar in Koppel- und Hüte­haltung, zu­nehmend auch zur Land­schafts­pflege. Be­sonders ge­eignet für rauhe Mittel­ge­birgs­lagen. Das Fleisch der Lämmer und auch das der älteren Schafe weist bei art­gerechter Haltung kaum Fett­an­satz auf. Es ist wohl­schmeckend und zart.</p>
</div></div>



<div class="wp-block-media-text alignwide has-media-on-the-right is-stacked-on-mobile is-vertically-aligned-center"><figure class="wp-block-media-text__media"><img decoding="async" width="800" height="600" data-src="http://www.walhalla-lamm.de/cms/wp-content/uploads/2022/02/coburger_fuchsschafe_wmt_pentling_detail_3398.jpg" alt="coburger_fuchsschafe_wmt_pentling" class="wp-image-3707 size-full lazyload" data-srcset="https://www.walhalla-lamm.de/cms/wp-content/uploads/2022/02/coburger_fuchsschafe_wmt_pentling_detail_3398.jpg 800w, https://www.walhalla-lamm.de/cms/wp-content/uploads/2022/02/coburger_fuchsschafe_wmt_pentling_detail_3398-600x450.jpg 600w, https://www.walhalla-lamm.de/cms/wp-content/uploads/2022/02/coburger_fuchsschafe_wmt_pentling_detail_3398-300x225.jpg 300w, https://www.walhalla-lamm.de/cms/wp-content/uploads/2022/02/coburger_fuchsschafe_wmt_pentling_detail_3398-768x576.jpg 768w, https://www.walhalla-lamm.de/cms/wp-content/uploads/2022/02/coburger_fuchsschafe_wmt_pentling_detail_3398-416x312.jpg 416w" data-sizes="(max-width: 800px) 100vw, 800px" src="data:image/svg+xml;base64,PHN2ZyB3aWR0aD0iMSIgaGVpZ2h0PSIxIiB4bWxucz0iaHR0cDovL3d3dy53My5vcmcvMjAwMC9zdmciPjwvc3ZnPg==" style="--smush-placeholder-width: 800px; --smush-placeholder-aspect-ratio: 800/600;" /></figure><div class="wp-block-media-text__content">
<h2 class="wp-block-heading" id="gefahrdungsgrad">GEFÄHRDUNGSGRAD</h2>



<p>Zur Bestandsbeobachtung in der Roten Liste der&nbsp;<a href="http://www.g-e-h.de/" target="_blank" rel="noreferrer noopener">Gesellschaft zur Erhaltung alter und gefährdeter Haustierrassen</a>.</p>
</div></div>



<div style="height:24px" aria-hidden="true" class="wp-block-spacer"></div>



<div class="wp-block-buttons is-layout-flex wp-block-buttons-is-layout-flex">
<div class="wp-block-button"><a class="wp-block-button__link" href="http://www.walhalla-lamm.de/cms/unsere-tiere/" target="_blank" rel="noreferrer noopener">Unsere Tiere</a></div>



<div class="wp-block-button"><a class="wp-block-button__link" href="http://www.walhalla-lamm.de/cms/waldschaf-eine-vom-aussterben-bedrohte-nutztierrasse/" target="_blank" rel="noreferrer noopener">Waldschaf</a></div>



<div class="wp-block-button"><a class="wp-block-button__link" href="http://www.walhalla-lamm.de/cms/coburger-fuchsschaf-eine-vom-aussterben-bedrohte-nutztierrasse/" target="_blank" rel="noreferrer noopener">Coburger Fuchsschaf</a></div>



<div class="wp-block-button"><a class="wp-block-button__link" href="http://www.walhalla-lamm.de/cms/bentheimer-landschaf-eine-vom-aussterben-bedrohte-nutztierrasse/" target="_blank" rel="noreferrer noopener">Bentheimer Landschaf</a></div>



<div class="wp-block-button"><a class="wp-block-button__link" href="http://www.walhalla-lamm.de/cms/buendner-strahlenziege-eine-vom-aussterben-bedrohte-nutztierrasse/" target="_blank" rel="noreferrer noopener">Bündner Strahlenziege</a></div>



<div class="wp-block-button"><a class="wp-block-button__link" href="http://www.walhalla-lamm.de/cms/hinterwaelder-rind-eine-vom-aussterben-bedrohte-nutztierrasse/" target="_blank" rel="noreferrer noopener">Hinterwälder Rind</a></div>


</div>

<p>RASSEBESCHREIBUNG Mittelgroßes Landschaf. Der hornlose, schmale, edle Kopf ist bis hinter die Ohren un­be­wollt, von gold­gelber bis rot­brauner Farbe (Gold­fuchs/Rot­fuchs) gelegent­lich mit kleinem Woll­schopf (Schaupe) und leichter Rams­nase. Die Beine sind fein­knochig, eben­falls un­be­wollt und von der gleichen Farbe wie der Kopf. Die Wolle ist weiß­lich mit einem gold­enen bis rot-braunen Schimmer (meliert). Scheitelung ist [&hellip;]</p>
