{"id":3724,"date":"2022-02-23T12:20:00","date_gmt":"2022-02-23T11:20:00","guid":{"rendered":"http:\/\/www.walhalla-lamm.de\/cms\/?page_id=3724"},"modified":"2022-03-18T09:48:23","modified_gmt":"2022-03-18T08:48:23","slug":"buendner-strahlenziege-eine-vom-aussterben-bedrohte-nutztierrasse","status":"publish","type":"page","link":"https:\/\/www.walhalla-lamm.de\/cms\/buendner-strahlenziege-eine-vom-aussterben-bedrohte-nutztierrasse\/","title":{"rendered":"B\u00fcndner Strahlenziege \u2014 Eine vom Aussterben bedrohte Nutztierrasse"},"content":{"rendered":"\n<div class=\"wp-block-buttons is-layout-flex wp-block-buttons-is-layout-flex\">\n<div class=\"wp-block-button\"><a class=\"wp-block-button__link\" href=\"http:\/\/www.walhalla-lamm.de\/cms\/unsere-tiere\/\" target=\"_blank\" rel=\"noreferrer noopener\">Unsere Tiere<\/a><\/div>\n\n\n\n<div class=\"wp-block-button\"><a class=\"wp-block-button__link\" href=\"http:\/\/www.walhalla-lamm.de\/cms\/waldschaf-eine-vom-aussterben-bedrohte-nutztierrasse\/\" target=\"_blank\" rel=\"noreferrer noopener\">Waldschaf<\/a><\/div>\n\n\n\n<div class=\"wp-block-button\"><a class=\"wp-block-button__link\" href=\"http:\/\/www.walhalla-lamm.de\/cms\/coburger-fuchsschaf-eine-vom-aussterben-bedrohte-nutztierrasse\/\" target=\"_blank\" rel=\"noreferrer noopener\">Coburger Fuchsschaf<\/a><\/div>\n\n\n\n<div class=\"wp-block-button\"><a class=\"wp-block-button__link\" href=\"http:\/\/www.walhalla-lamm.de\/cms\/bentheimer-landschaf-eine-vom-aussterben-bedrohte-nutztierrasse\/\" target=\"_blank\" rel=\"noreferrer noopener\">Bentheimer Landschaf<\/a><\/div>\n\n\n\n<div class=\"wp-block-button\"><a class=\"wp-block-button__link\" href=\"http:\/\/www.walhalla-lamm.de\/cms\/buendner-strahlenziege-eine-vom-aussterben-bedrohte-nutztierrasse\/\" target=\"_blank\" rel=\"noreferrer noopener\">B\u00fcndner Strahlenziege<\/a><\/div>\n\n\n\n<div class=\"wp-block-button\"><a class=\"wp-block-button__link\" href=\"http:\/\/www.walhalla-lamm.de\/cms\/hinterwaelder-rind-eine-vom-aussterben-bedrohte-nutztierrasse\/\" target=\"_blank\" rel=\"noreferrer noopener\">Hinterw\u00e4lder Rind<\/a><\/div>\n<\/div>\n\n\n\n<div class=\"wp-block-media-text alignwide is-stacked-on-mobile is-vertically-aligned-center\"><figure class=\"wp-block-media-text__media\"><img decoding=\"async\" width=\"540\" height=\"405\" data-src=\"http:\/\/www.walhalla-lamm.de\/cms\/wp-content\/uploads\/2022\/02\/buendner_strahlenziege_mutterziege_mit_kitzen_detail_3419.jpg\" alt=\"buendner_strahlenziege_mutterziege_mit_kitzen\" class=\"wp-image-3728 size-full lazyload\" data-srcset=\"https:\/\/www.walhalla-lamm.de\/cms\/wp-content\/uploads\/2022\/02\/buendner_strahlenziege_mutterziege_mit_kitzen_detail_3419.jpg 540w, https:\/\/www.walhalla-lamm.de\/cms\/wp-content\/uploads\/2022\/02\/buendner_strahlenziege_mutterziege_mit_kitzen_detail_3419-416x312.jpg 416w, https:\/\/www.walhalla-lamm.de\/cms\/wp-content\/uploads\/2022\/02\/buendner_strahlenziege_mutterziege_mit_kitzen_detail_3419-300x225.jpg 300w\" data-sizes=\"(max-width: 540px) 100vw, 540px\" src=\"data:image\/svg+xml;base64,PHN2ZyB3aWR0aD0iMSIgaGVpZ2h0PSIxIiB4bWxucz0iaHR0cDovL3d3dy53My5vcmcvMjAwMC9zdmciPjwvc3ZnPg==\" style=\"--smush-placeholder-width: 540px; --smush-placeholder-aspect-ratio: 540\/405;\" \/><\/figure><div class=\"wp-block-media-text__content\">\n<h2 class=\"wp-block-heading\" id=\"rassebeschreibung\">RASSEBESCHREIBUNG<\/h2>\n\n\n\n<p>Widerstandsf\u00e4hige, geh\u00f6rnte Alpenrasse. Anthrazitfarben bis schwarz mit weissen Abzeichen am Kopf (Strahlen) sowie an Gliedmassen und Schwanz. Die durchschnitt\u00adliche Milchleistung einer 30&nbsp;Monate alten Ziege liegt bei ca.&nbsp;600&nbsp;kg Milch.<\/p>\n<\/div><\/div>\n\n\n\n<div class=\"wp-block-media-text alignwide has-media-on-the-right is-stacked-on-mobile is-vertically-aligned-center\"><figure class=\"wp-block-media-text__media\"><img decoding=\"async\" width=\"1024\" height=\"1024\" data-src=\"http:\/\/www.walhalla-lamm.de\/cms\/wp-content\/uploads\/2022\/02\/buendner_strahlenziege_kitze_schmusen_detail_rimg0106-1024x1024.jpg\" alt=\"buendner_strahlenziege_kitze_schmusen\" class=\"wp-image-3730 size-full lazyload\" data-srcset=\"https:\/\/www.walhalla-lamm.de\/cms\/wp-content\/uploads\/2022\/02\/buendner_strahlenziege_kitze_schmusen_detail_rimg0106-1024x1024.jpg 1024w, https:\/\/www.walhalla-lamm.de\/cms\/wp-content\/uploads\/2022\/02\/buendner_strahlenziege_kitze_schmusen_detail_rimg0106-300x300.jpg 300w, https:\/\/www.walhalla-lamm.de\/cms\/wp-content\/uploads\/2022\/02\/buendner_strahlenziege_kitze_schmusen_detail_rimg0106-100x100.jpg 100w, https:\/\/www.walhalla-lamm.de\/cms\/wp-content\/uploads\/2022\/02\/buendner_strahlenziege_kitze_schmusen_detail_rimg0106-600x600.jpg 600w, https:\/\/www.walhalla-lamm.de\/cms\/wp-content\/uploads\/2022\/02\/buendner_strahlenziege_kitze_schmusen_detail_rimg0106-150x150.jpg 150w, https:\/\/www.walhalla-lamm.de\/cms\/wp-content\/uploads\/2022\/02\/buendner_strahlenziege_kitze_schmusen_detail_rimg0106-768x768.jpg 768w, https:\/\/www.walhalla-lamm.de\/cms\/wp-content\/uploads\/2022\/02\/buendner_strahlenziege_kitze_schmusen_detail_rimg0106-324x324.jpg 324w, https:\/\/www.walhalla-lamm.de\/cms\/wp-content\/uploads\/2022\/02\/buendner_strahlenziege_kitze_schmusen_detail_rimg0106-416x416.jpg 416w, https:\/\/www.walhalla-lamm.de\/cms\/wp-content\/uploads\/2022\/02\/buendner_strahlenziege_kitze_schmusen_detail_rimg0106.jpg 1200w\" data-sizes=\"(max-width: 1024px) 100vw, 1024px\" src=\"data:image\/svg+xml;base64,PHN2ZyB3aWR0aD0iMSIgaGVpZ2h0PSIxIiB4bWxucz0iaHR0cDovL3d3dy53My5vcmcvMjAwMC9zdmciPjwvc3ZnPg==\" style=\"--smush-placeholder-width: 1024px; --smush-placeholder-aspect-ratio: 1024\/1024;\" \/><\/figure><div class=\"wp-block-media-text__content\">\n<h2 class=\"wp-block-heading\" id=\"herkunft\">HERKUNFT<\/h2>\n\n\n\n<p>Die B\u00fcndner Strahlenziegen stammen urspr\u00fcnglich aus dem Schweizer Kanton Graub\u00fcnden, wo sie aus verschiedenen Lokalrassen hervorgingen. Diese ausgesprochene Gebirgsrasse wurde bereits 1913 als Schwarze Gebirgsziege beschrieben und wird seit 1938 gezielt gez\u00fcchtet.<\/p>\n\n\n\n<h2 class=\"wp-block-heading\" id=\"kennzeichen\">KENNZEICHEN<\/h2>\n\n\n\n<p>Schwarzes Fell mit wei\u00dfen Strahlen, H\u00f6rner tragend.<\/p>\n<\/div><\/div>\n\n\n\n<div class=\"wp-block-media-text alignwide is-stacked-on-mobile is-image-fill\"><figure class=\"wp-block-media-text__media lazyload\" style=\"background-image:inherit;background-position:67% 74%\" data-bg-image=\"url(http:\/\/www.walhalla-lamm.de\/cms\/wp-content\/uploads\/2022\/02\/buendner_strahlenziege_bock_weide_detail_4735.jpg)\"><img decoding=\"async\" width=\"800\" height=\"514\" data-src=\"http:\/\/www.walhalla-lamm.de\/cms\/wp-content\/uploads\/2022\/02\/buendner_strahlenziege_bock_weide_detail_4735.jpg\" alt=\"buendner_strahlenziege_bock_weide\" class=\"wp-image-3731 size-full lazyload\" data-srcset=\"https:\/\/www.walhalla-lamm.de\/cms\/wp-content\/uploads\/2022\/02\/buendner_strahlenziege_bock_weide_detail_4735.jpg 800w, https:\/\/www.walhalla-lamm.de\/cms\/wp-content\/uploads\/2022\/02\/buendner_strahlenziege_bock_weide_detail_4735-600x386.jpg 600w, https:\/\/www.walhalla-lamm.de\/cms\/wp-content\/uploads\/2022\/02\/buendner_strahlenziege_bock_weide_detail_4735-300x193.jpg 300w, https:\/\/www.walhalla-lamm.de\/cms\/wp-content\/uploads\/2022\/02\/buendner_strahlenziege_bock_weide_detail_4735-768x493.jpg 768w, https:\/\/www.walhalla-lamm.de\/cms\/wp-content\/uploads\/2022\/02\/buendner_strahlenziege_bock_weide_detail_4735-416x267.jpg 416w\" data-sizes=\"(max-width: 800px) 100vw, 800px\" src=\"data:image\/svg+xml;base64,PHN2ZyB3aWR0aD0iMSIgaGVpZ2h0PSIxIiB4bWxucz0iaHR0cDovL3d3dy53My5vcmcvMjAwMC9zdmciPjwvc3ZnPg==\" style=\"--smush-placeholder-width: 800px; --smush-placeholder-aspect-ratio: 800\/514;\" \/><\/figure><div class=\"wp-block-media-text__content\">\n<h2 class=\"wp-block-heading\" id=\"eigenschaften-leistungen\">EIGENSCHAFTEN&nbsp;\/&nbsp;LEISTUNGEN<\/h2>\n\n\n\n<p>Robusten Gebirgsrasse mit der F\u00e4higkeit, auch unter klimatisch harten Bedingungen und bei langen Wegen f\u00fcr die Futtersuche eine gute Milchleistung zu erbringen.<\/p>\n\n\n\n<h2 class=\"wp-block-heading\" id=\"gefahrdungsgrad\">GEF\u00c4HRDUNGSGRAD<\/h2>\n\n\n\n<p><a href=\"http:\/\/www.prospecierara.ch\/\" target=\"_blank\" rel=\"noreferrer noopener\">ProSpecieRara<\/a>-Rasse der Schweiz.&nbsp;<a href=\"http:\/\/www.fao.org\/\" target=\"_blank\" rel=\"noreferrer noopener\">FAO<\/a>: critical [entspricht Kategorie&nbsp;I der&nbsp;<a href=\"http:\/\/www.g-e-h.de\/\" target=\"_blank\" rel=\"noreferrer noopener\">GEH<\/a>].<\/p>\n<\/div><\/div>\n\n\n\n<div class=\"wp-block-buttons is-layout-flex wp-block-buttons-is-layout-flex\">\n<div class=\"wp-block-button\"><a class=\"wp-block-button__link\" href=\"http:\/\/www.walhalla-lamm.de\/cms\/unsere-tiere\/\" target=\"_blank\" rel=\"noreferrer noopener\">Unsere Tiere<\/a><\/div>\n\n\n\n<div class=\"wp-block-button\"><a class=\"wp-block-button__link\" href=\"http:\/\/www.walhalla-lamm.de\/cms\/waldschaf-eine-vom-aussterben-bedrohte-nutztierrasse\/\" target=\"_blank\" rel=\"noreferrer noopener\">Waldschaf<\/a><\/div>\n\n\n\n<div class=\"wp-block-button\"><a class=\"wp-block-button__link\" href=\"http:\/\/www.walhalla-lamm.de\/cms\/coburger-fuchsschaf-eine-vom-aussterben-bedrohte-nutztierrasse\/\" target=\"_blank\" rel=\"noreferrer noopener\">Coburger Fuchsschaf<\/a><\/div>\n\n\n\n<div class=\"wp-block-button\"><a class=\"wp-block-button__link\" href=\"http:\/\/www.walhalla-lamm.de\/cms\/bentheimer-landschaf-eine-vom-aussterben-bedrohte-nutztierrasse\/\" target=\"_blank\" rel=\"noreferrer noopener\">Bentheimer Landschaf<\/a><\/div>\n\n\n\n<div class=\"wp-block-button\"><a class=\"wp-block-button__link\" href=\"http:\/\/www.walhalla-lamm.de\/cms\/buendner-strahlenziege-eine-vom-aussterben-bedrohte-nutztierrasse\/\" target=\"_blank\" rel=\"noreferrer noopener\">B\u00fcndner Strahlenziege<\/a><\/div>\n\n\n\n<div class=\"wp-block-button\"><a class=\"wp-block-button__link\" href=\"http:\/\/www.walhalla-lamm.de\/cms\/hinterwaelder-rind-eine-vom-aussterben-bedrohte-nutztierrasse\/\" target=\"_blank\" rel=\"noreferrer noopener\">Hinterw\u00e4lder Rind<\/a><\/div>\n<\/div>\n\n\n\n<p><\/p>\n\n\n\n<p><\/p>\n","protected":false},"excerpt":{"rendered":"<p>RASSEBESCHREIBUNG Widerstandsf\u00e4hige, geh\u00f6rnte Alpenrasse. Anthrazitfarben bis schwarz mit weissen Abzeichen am Kopf (Strahlen) sowie an Gliedmassen und Schwanz. Die durchschnitt\u00adliche Milchleistung einer 30&nbsp;Monate alten Ziege liegt bei ca.&nbsp;600&nbsp;kg Milch. HERKUNFT Die B\u00fcndner Strahlenziegen stammen urspr\u00fcnglich aus dem Schweizer Kanton Graub\u00fcnden, wo sie aus verschiedenen Lokalrassen hervorgingen. Diese ausgesprochene Gebirgsrasse wurde bereits 1913 als Schwarze Gebirgsziege [&hellip;]<\/p>\n","protected":false},"author":399,"featured_media":0,"parent":0,"menu_order":0,"comment_status":"closed","ping_status":"closed","template":"","meta":{"footnotes":""},"class_list":["post-3724","page","type-page","status-publish","hentry"],"_links":{"self":[{"href":"https:\/\/www.walhalla-lamm.de\/cms\/wp-json\/wp\/v2\/pages\/3724","targetHints":{"allow":["GET"]}}],"collection":[{"href":"https:\/\/www.walhalla-lamm.de\/cms\/wp-json\/wp\/v2\/pages"}],"about":[{"href":"https:\/\/www.walhalla-lamm.de\/cms\/wp-json\/wp\/v2\/types\/page"}],"author":[{"embeddable":true,"href":"https:\/\/www.walhalla-lamm.de\/cms\/wp-json\/wp\/v2\/users\/399"}],"replies":[{"embeddable":true,"href":"https:\/\/www.walhalla-lamm.de\/cms\/wp-json\/wp\/v2\/comments?post=3724"}],"version-history":[{"count":5,"href":"https:\/\/www.walhalla-lamm.de\/cms\/wp-json\/wp\/v2\/pages\/3724\/revisions"}],"predecessor-version":[{"id":4146,"href":"https:\/\/www.walhalla-lamm.de\/cms\/wp-json\/wp\/v2\/pages\/3724\/revisions\/4146"}],"wp:attachment":[{"href":"https:\/\/www.walhalla-lamm.de\/cms\/wp-json\/wp\/v2\/media?parent=3724"}],"curies":[{"name":"wp","href":"https:\/\/api.w.org\/{rel}","templated":true}]}}

Bündner Strahlenziege — Eine vom Aussterben bedrohte Nutztierrasse

<div class="wp-block-buttons is-layout-flex wp-block-buttons-is-layout-flex">
<div class="wp-block-button"><a class="wp-block-button__link" href="http://www.walhalla-lamm.de/cms/unsere-tiere/" target="_blank" rel="noreferrer noopener">Unsere Tiere</a></div>



<div class="wp-block-button"><a class="wp-block-button__link" href="http://www.walhalla-lamm.de/cms/waldschaf-eine-vom-aussterben-bedrohte-nutztierrasse/" target="_blank" rel="noreferrer noopener">Waldschaf</a></div>



<div class="wp-block-button"><a class="wp-block-button__link" href="http://www.walhalla-lamm.de/cms/coburger-fuchsschaf-eine-vom-aussterben-bedrohte-nutztierrasse/" target="_blank" rel="noreferrer noopener">Coburger Fuchsschaf</a></div>



<div class="wp-block-button"><a class="wp-block-button__link" href="http://www.walhalla-lamm.de/cms/bentheimer-landschaf-eine-vom-aussterben-bedrohte-nutztierrasse/" target="_blank" rel="noreferrer noopener">Bentheimer Landschaf</a></div>



<div class="wp-block-button"><a class="wp-block-button__link" href="http://www.walhalla-lamm.de/cms/buendner-strahlenziege-eine-vom-aussterben-bedrohte-nutztierrasse/" target="_blank" rel="noreferrer noopener">Bündner Strahlenziege</a></div>



<div class="wp-block-button"><a class="wp-block-button__link" href="http://www.walhalla-lamm.de/cms/hinterwaelder-rind-eine-vom-aussterben-bedrohte-nutztierrasse/" target="_blank" rel="noreferrer noopener">Hinterwälder Rind</a></div>
</div>



<div class="wp-block-media-text alignwide is-stacked-on-mobile is-vertically-aligned-center"><figure class="wp-block-media-text__media"><img decoding="async" width="540" height="405" data-src="http://www.walhalla-lamm.de/cms/wp-content/uploads/2022/02/buendner_strahlenziege_mutterziege_mit_kitzen_detail_3419.jpg" alt="buendner_strahlenziege_mutterziege_mit_kitzen" class="wp-image-3728 size-full lazyload" data-srcset="https://www.walhalla-lamm.de/cms/wp-content/uploads/2022/02/buendner_strahlenziege_mutterziege_mit_kitzen_detail_3419.jpg 540w, https://www.walhalla-lamm.de/cms/wp-content/uploads/2022/02/buendner_strahlenziege_mutterziege_mit_kitzen_detail_3419-416x312.jpg 416w, https://www.walhalla-lamm.de/cms/wp-content/uploads/2022/02/buendner_strahlenziege_mutterziege_mit_kitzen_detail_3419-300x225.jpg 300w" data-sizes="(max-width: 540px) 100vw, 540px" src="data:image/svg+xml;base64,PHN2ZyB3aWR0aD0iMSIgaGVpZ2h0PSIxIiB4bWxucz0iaHR0cDovL3d3dy53My5vcmcvMjAwMC9zdmciPjwvc3ZnPg==" style="--smush-placeholder-width: 540px; --smush-placeholder-aspect-ratio: 540/405;" /></figure><div class="wp-block-media-text__content">
<h2 class="wp-block-heading" id="rassebeschreibung">RASSEBESCHREIBUNG</h2>



<p>Widerstandsfähige, gehörnte Alpenrasse. Anthrazitfarben bis schwarz mit weissen Abzeichen am Kopf (Strahlen) sowie an Gliedmassen und Schwanz. Die durchschnitt­liche Milchleistung einer 30&nbsp;Monate alten Ziege liegt bei ca.&nbsp;600&nbsp;kg Milch.</p>
</div></div>



<div class="wp-block-media-text alignwide has-media-on-the-right is-stacked-on-mobile is-vertically-aligned-center"><figure class="wp-block-media-text__media"><img decoding="async" width="1024" height="1024" data-src="http://www.walhalla-lamm.de/cms/wp-content/uploads/2022/02/buendner_strahlenziege_kitze_schmusen_detail_rimg0106-1024x1024.jpg" alt="buendner_strahlenziege_kitze_schmusen" class="wp-image-3730 size-full lazyload" data-srcset="https://www.walhalla-lamm.de/cms/wp-content/uploads/2022/02/buendner_strahlenziege_kitze_schmusen_detail_rimg0106-1024x1024.jpg 1024w, https://www.walhalla-lamm.de/cms/wp-content/uploads/2022/02/buendner_strahlenziege_kitze_schmusen_detail_rimg0106-300x300.jpg 300w, https://www.walhalla-lamm.de/cms/wp-content/uploads/2022/02/buendner_strahlenziege_kitze_schmusen_detail_rimg0106-100x100.jpg 100w, https://www.walhalla-lamm.de/cms/wp-content/uploads/2022/02/buendner_strahlenziege_kitze_schmusen_detail_rimg0106-600x600.jpg 600w, https://www.walhalla-lamm.de/cms/wp-content/uploads/2022/02/buendner_strahlenziege_kitze_schmusen_detail_rimg0106-150x150.jpg 150w, https://www.walhalla-lamm.de/cms/wp-content/uploads/2022/02/buendner_strahlenziege_kitze_schmusen_detail_rimg0106-768x768.jpg 768w, https://www.walhalla-lamm.de/cms/wp-content/uploads/2022/02/buendner_strahlenziege_kitze_schmusen_detail_rimg0106-324x324.jpg 324w, https://www.walhalla-lamm.de/cms/wp-content/uploads/2022/02/buendner_strahlenziege_kitze_schmusen_detail_rimg0106-416x416.jpg 416w, https://www.walhalla-lamm.de/cms/wp-content/uploads/2022/02/buendner_strahlenziege_kitze_schmusen_detail_rimg0106.jpg 1200w" data-sizes="(max-width: 1024px) 100vw, 1024px" src="data:image/svg+xml;base64,PHN2ZyB3aWR0aD0iMSIgaGVpZ2h0PSIxIiB4bWxucz0iaHR0cDovL3d3dy53My5vcmcvMjAwMC9zdmciPjwvc3ZnPg==" style="--smush-placeholder-width: 1024px; --smush-placeholder-aspect-ratio: 1024/1024;" /></figure><div class="wp-block-media-text__content">
<h2 class="wp-block-heading" id="herkunft">HERKUNFT</h2>



<p>Die Bündner Strahlenziegen stammen ursprünglich aus dem Schweizer Kanton Graubünden, wo sie aus verschiedenen Lokalrassen hervorgingen. Diese ausgesprochene Gebirgsrasse wurde bereits 1913 als Schwarze Gebirgsziege beschrieben und wird seit 1938 gezielt gezüchtet.</p>



<h2 class="wp-block-heading" id="kennzeichen">KENNZEICHEN</h2>



<p>Schwarzes Fell mit weißen Strahlen, Hörner tragend.</p>
</div></div>



<div class="wp-block-media-text alignwide is-stacked-on-mobile is-image-fill"><figure class="wp-block-media-text__media lazyload" style="background-image:inherit;background-position:67% 74%" data-bg-image="url(http://www.walhalla-lamm.de/cms/wp-content/uploads/2022/02/buendner_strahlenziege_bock_weide_detail_4735.jpg)"><img decoding="async" width="800" height="514" data-src="http://www.walhalla-lamm.de/cms/wp-content/uploads/2022/02/buendner_strahlenziege_bock_weide_detail_4735.jpg" alt="buendner_strahlenziege_bock_weide" class="wp-image-3731 size-full lazyload" data-srcset="https://www.walhalla-lamm.de/cms/wp-content/uploads/2022/02/buendner_strahlenziege_bock_weide_detail_4735.jpg 800w, https://www.walhalla-lamm.de/cms/wp-content/uploads/2022/02/buendner_strahlenziege_bock_weide_detail_4735-600x386.jpg 600w, https://www.walhalla-lamm.de/cms/wp-content/uploads/2022/02/buendner_strahlenziege_bock_weide_detail_4735-300x193.jpg 300w, https://www.walhalla-lamm.de/cms/wp-content/uploads/2022/02/buendner_strahlenziege_bock_weide_detail_4735-768x493.jpg 768w, https://www.walhalla-lamm.de/cms/wp-content/uploads/2022/02/buendner_strahlenziege_bock_weide_detail_4735-416x267.jpg 416w" data-sizes="(max-width: 800px) 100vw, 800px" src="data:image/svg+xml;base64,PHN2ZyB3aWR0aD0iMSIgaGVpZ2h0PSIxIiB4bWxucz0iaHR0cDovL3d3dy53My5vcmcvMjAwMC9zdmciPjwvc3ZnPg==" style="--smush-placeholder-width: 800px; --smush-placeholder-aspect-ratio: 800/514;" /></figure><div class="wp-block-media-text__content">
<h2 class="wp-block-heading" id="eigenschaften-leistungen">EIGENSCHAFTEN&nbsp;/&nbsp;LEISTUNGEN</h2>



<p>Robusten Gebirgsrasse mit der Fähigkeit, auch unter klimatisch harten Bedingungen und bei langen Wegen für die Futtersuche eine gute Milchleistung zu erbringen.</p>



<h2 class="wp-block-heading" id="gefahrdungsgrad">GEFÄHRDUNGSGRAD</h2>



<p><a href="http://www.prospecierara.ch/" target="_blank" rel="noreferrer noopener">ProSpecieRara</a>-Rasse der Schweiz.&nbsp;<a href="http://www.fao.org/" target="_blank" rel="noreferrer noopener">FAO</a>: critical [entspricht Kategorie&nbsp;I der&nbsp;<a href="http://www.g-e-h.de/" target="_blank" rel="noreferrer noopener">GEH</a>].</p>
</div></div>



<div class="wp-block-buttons is-layout-flex wp-block-buttons-is-layout-flex">
<div class="wp-block-button"><a class="wp-block-button__link" href="http://www.walhalla-lamm.de/cms/unsere-tiere/" target="_blank" rel="noreferrer noopener">Unsere Tiere</a></div>



<div class="wp-block-button"><a class="wp-block-button__link" href="http://www.walhalla-lamm.de/cms/waldschaf-eine-vom-aussterben-bedrohte-nutztierrasse/" target="_blank" rel="noreferrer noopener">Waldschaf</a></div>



<div class="wp-block-button"><a class="wp-block-button__link" href="http://www.walhalla-lamm.de/cms/coburger-fuchsschaf-eine-vom-aussterben-bedrohte-nutztierrasse/" target="_blank" rel="noreferrer noopener">Coburger Fuchsschaf</a></div>



<div class="wp-block-button"><a class="wp-block-button__link" href="http://www.walhalla-lamm.de/cms/bentheimer-landschaf-eine-vom-aussterben-bedrohte-nutztierrasse/" target="_blank" rel="noreferrer noopener">Bentheimer Landschaf</a></div>



<div class="wp-block-button"><a class="wp-block-button__link" href="http://www.walhalla-lamm.de/cms/buendner-strahlenziege-eine-vom-aussterben-bedrohte-nutztierrasse/" target="_blank" rel="noreferrer noopener">Bündner Strahlenziege</a></div>



<div class="wp-block-button"><a class="wp-block-button__link" href="http://www.walhalla-lamm.de/cms/hinterwaelder-rind-eine-vom-aussterben-bedrohte-nutztierrasse/" target="_blank" rel="noreferrer noopener">Hinterwälder Rind</a></div>
</div>



<p></p>



<p></p>

<p>RASSEBESCHREIBUNG Widerstandsfähige, gehörnte Alpenrasse. Anthrazitfarben bis schwarz mit weissen Abzeichen am Kopf (Strahlen) sowie an Gliedmassen und Schwanz. Die durchschnitt­liche Milchleistung einer 30&nbsp;Monate alten Ziege liegt bei ca.&nbsp;600&nbsp;kg Milch. HERKUNFT Die Bündner Strahlenziegen stammen ursprünglich aus dem Schweizer Kanton Graubünden, wo sie aus verschiedenen Lokalrassen hervorgingen. Diese ausgesprochene Gebirgsrasse wurde bereits 1913 als Schwarze Gebirgsziege [&hellip;]</p>
