{"id":158,"date":"2020-04-22T13:42:30","date_gmt":"2020-04-22T11:42:30","guid":{"rendered":"http:\/\/www.walhalla-lamm.de\/cms\/?post_type=product&#038;p=158"},"modified":"2025-12-31T17:54:33","modified_gmt":"2025-12-31T16:54:33","slug":"schafmilchseife-amber","status":"publish","type":"product","link":"https:\/\/www.walhalla-lamm.de\/cms\/shop\/seife-kosmetik\/100gstuecke\/schafmilchseifen\/schafmilchseife-amber\/","title":{"rendered":"Schafmilchseife Amber"},"content":{"rendered":"<p>Die perfekte Kombination aus Bergamotte, Weihrauch und Muskatnuss ergibt den warmen Duft von Amber. Urspr\u00fcnglich entsteht der Duft im Magen des Wales, wird heute aber im Labor hergestellt.<\/p>\n<p>Amber ist f\u00fcr Parf\u00fcmeure so wie pures Gold f\u00fcr den Goldschmied.<\/p>\n<p>Diese Seife verleiht mit ihrem holzig-rauchigen, balsamischen Duft Ihrer Haut eine verf\u00fchrerischen Note.<\/p>\n","protected":false},"excerpt":{"rendered":"<p>Die perfekte Kombination aus Bergamotte, Weihrauch und Muskatnuss ergibt den warmen Duft von Amber. Urspr\u00fcnglich entsteht der Duft im Magen des Wales, wird heute aber im Labor hergestellt. Amber ist f\u00fcr Parf\u00fcmeure so wie pures Gold f\u00fcr den Goldschmied. Diese Seife verleiht mit ihrem holzig-rauchigen, balsamischen Duft Ihrer Haut eine verf\u00fchrerischen Note.<\/p>\n","protected":false},"featured_media":3921,"comment_status":"closed","ping_status":"closed","template":"","meta":[],"product_brand":[],"product_cat":[26],"product_tag":[],"class_list":{"0":"post-158","1":"product","2":"type-product","3":"status-publish","4":"has-post-thumbnail","6":"product_cat-schafmilchseifen","8":"first","9":"instock","10":"taxable","11":"shipping-taxable","12":"purchasable","13":"product-type-simple"},"_links":{"self":[{"href":"https:\/\/www.walhalla-lamm.de\/cms\/wp-json\/wp\/v2\/product\/158","targetHints":{"allow":["GET"]}}],"collection":[{"href":"https:\/\/www.walhalla-lamm.de\/cms\/wp-json\/wp\/v2\/product"}],"about":[{"href":"https:\/\/www.walhalla-lamm.de\/cms\/wp-json\/wp\/v2\/types\/product"}],"replies":[{"embeddable":true,"href":"https:\/\/www.walhalla-lamm.de\/cms\/wp-json\/wp\/v2\/comments?post=158"}],"wp:featuredmedia":[{"embeddable":true,"href":"https:\/\/www.walhalla-lamm.de\/cms\/wp-json\/wp\/v2\/media\/3921"}],"wp:attachment":[{"href":"https:\/\/www.walhalla-lamm.de\/cms\/wp-json\/wp\/v2\/media?parent=158"}],"wp:term":[{"taxonomy":"product_brand","embeddable":true,"href":"https:\/\/www.walhalla-lamm.de\/cms\/wp-json\/wp\/v2\/product_brand?post=158"},{"taxonomy":"product_cat","embeddable":true,"href":"https:\/\/www.walhalla-lamm.de\/cms\/wp-json\/wp\/v2\/product_cat?post=158"},{"taxonomy":"product_tag","embeddable":true,"href":"https:\/\/www.walhalla-lamm.de\/cms\/wp-json\/wp\/v2\/product_tag?post=158"}],"curies":[{"name":"wp","href":"https:\/\/api.w.org\/{rel}","templated":true}]}}