{"id":194,"date":"2020-04-22T13:48:44","date_gmt":"2020-04-22T11:48:44","guid":{"rendered":"http:\/\/www.walhalla-lamm.de\/cms\/?post_type=product&#038;p=194"},"modified":"2025-12-31T17:54:23","modified_gmt":"2025-12-31T16:54:23","slug":"schafmilchseife-jojobaoel","status":"publish","type":"product","link":"https:\/\/www.walhalla-lamm.de\/cms\/shop\/seife-kosmetik\/100gstuecke\/schafmilchseifen\/schafmilchseife-jojobaoel\/","title":{"rendered":"Schafmilchseife Jojoba\u00f6l"},"content":{"rendered":"<p>Die nuss\u00e4hnlichen Samen des immergr\u00fcnen Jojobastrauches, der zu den Nelkengew\u00e4chsen geh\u00f6rt, spenden ein hervorragendes \u00d6l, welches die Haut vor Austrocknung sch\u00fctzt und leicht entz\u00fcndungshemmend wirkt.<\/p>\n","protected":false},"excerpt":{"rendered":"<p>Die nuss\u00e4hnlichen Samen des immergr\u00fcnen Jojobastrauches, der zu den Nelkengew\u00e4chsen geh\u00f6rt, spenden ein hervorragendes \u00d6l, welches die Haut vor Austrocknung sch\u00fctzt und leicht entz\u00fcndungshemmend wirkt.<\/p>\n","protected":false},"featured_media":3984,"comment_status":"closed","ping_status":"closed","template":"","meta":[],"product_brand":[],"product_cat":[26],"product_tag":[],"class_list":{"0":"post-194","1":"product","2":"type-product","3":"status-publish","4":"has-post-thumbnail","6":"product_cat-schafmilchseifen","8":"first","9":"instock","10":"taxable","11":"shipping-taxable","12":"purchasable","13":"product-type-simple"},"_links":{"self":[{"href":"https:\/\/www.walhalla-lamm.de\/cms\/wp-json\/wp\/v2\/product\/194","targetHints":{"allow":["GET"]}}],"collection":[{"href":"https:\/\/www.walhalla-lamm.de\/cms\/wp-json\/wp\/v2\/product"}],"about":[{"href":"https:\/\/www.walhalla-lamm.de\/cms\/wp-json\/wp\/v2\/types\/product"}],"replies":[{"embeddable":true,"href":"https:\/\/www.walhalla-lamm.de\/cms\/wp-json\/wp\/v2\/comments?post=194"}],"wp:featuredmedia":[{"embeddable":true,"href":"https:\/\/www.walhalla-lamm.de\/cms\/wp-json\/wp\/v2\/media\/3984"}],"wp:attachment":[{"href":"https:\/\/www.walhalla-lamm.de\/cms\/wp-json\/wp\/v2\/media?parent=194"}],"wp:term":[{"taxonomy":"product_brand","embeddable":true,"href":"https:\/\/www.walhalla-lamm.de\/cms\/wp-json\/wp\/v2\/product_brand?post=194"},{"taxonomy":"product_cat","embeddable":true,"href":"https:\/\/www.walhalla-lamm.de\/cms\/wp-json\/wp\/v2\/product_cat?post=194"},{"taxonomy":"product_tag","embeddable":true,"href":"https:\/\/www.walhalla-lamm.de\/cms\/wp-json\/wp\/v2\/product_tag?post=194"}],"curies":[{"name":"wp","href":"https:\/\/api.w.org\/{rel}","templated":true}]}}