{"id":2360,"date":"2021-02-01T19:55:51","date_gmt":"2021-02-01T18:55:51","guid":{"rendered":"http:\/\/www.walhalla-lamm.de\/cms\/?post_type=product&#038;p=2360"},"modified":"2026-04-16T11:56:35","modified_gmt":"2026-04-16T09:56:35","slug":"deocreme-fresh","status":"publish","type":"product","link":"https:\/\/www.walhalla-lamm.de\/cms\/shop\/seife-kosmetik\/koerperpflege\/cremes\/deocreme-fresh\/","title":{"rendered":"Deocreme Fresh"},"content":{"rendered":"<p>Nat\u00fcrliche Deocreme ohne Aluminium \u2013 Sicherer Schutz vor K\u00f6rpergeruch und pflegend zur Haut<\/p>\n<p>Unsere Deocreme ist besonders<strong> sanft und mild \u2013 <\/strong>auch auf frisch rasierter Haut kann sie angewendet werden, ohne zu brennen. Sie sch\u00fctzt zuverl\u00e4ssig vor Geruchsbildung und hinterl\u00e4sst<strong> keine Spuren <\/strong>auf der Kleidung.<\/p>\n<p>Der ideale Begleiter f\u00fcr ein frisches Haut- und K\u00f6rpergef\u00fchl.<\/p>\n<p>Die Creme ist sehr ergiebig in der Anwendung: eine Fingerspitze voll gen\u00fcgt! Die Creme l\u00e4sst sich gut verteilen, zieht schnell ein und ist mit Sheabutter, Kokos- und Mandel\u00f6l sanft zur Haut. In wenigen Sekunden k\u00f6nnen Sie die Creme einmassieren.<\/p>\n<p>Der feine, zitronig-frische Unisex Duft ist f\u00fcr Frauen und M\u00e4nner gleicherma\u00dfen geeignet!<\/p>\n<p>Frei von Aluminiumsalzen, Alkohol und Konservierungstoffen.<\/p>\n","protected":false},"excerpt":{"rendered":"<p>Nat\u00fcrliche Deocreme ohne Aluminium \u2013 Sicherer Schutz vor K\u00f6rpergeruch und pflegend zur Haut Unsere Deocreme ist besonders sanft und mild \u2013 auch auf frisch rasierter Haut kann sie angewendet werden, ohne zu brennen. Sie sch\u00fctzt zuverl\u00e4ssig vor Geruchsbildung und hinterl\u00e4sst keine Spuren auf der Kleidung. Der ideale Begleiter f\u00fcr ein frisches Haut- und K\u00f6rpergef\u00fchl. Die [&hellip;]<\/p>\n","protected":false},"featured_media":5494,"comment_status":"closed","ping_status":"closed","template":"","meta":[],"product_brand":[],"product_cat":[59,41,22],"product_tag":[],"class_list":{"0":"post-2360","1":"product","2":"type-product","3":"status-publish","4":"has-post-thumbnail","6":"product_cat-cremes","7":"product_cat-koerperpflege","8":"product_cat-seife-kosmetik","10":"first","11":"instock","12":"taxable","13":"shipping-taxable","14":"purchasable","15":"product-type-simple"},"_links":{"self":[{"href":"https:\/\/www.walhalla-lamm.de\/cms\/wp-json\/wp\/v2\/product\/2360","targetHints":{"allow":["GET"]}}],"collection":[{"href":"https:\/\/www.walhalla-lamm.de\/cms\/wp-json\/wp\/v2\/product"}],"about":[{"href":"https:\/\/www.walhalla-lamm.de\/cms\/wp-json\/wp\/v2\/types\/product"}],"replies":[{"embeddable":true,"href":"https:\/\/www.walhalla-lamm.de\/cms\/wp-json\/wp\/v2\/comments?post=2360"}],"wp:featuredmedia":[{"embeddable":true,"href":"https:\/\/www.walhalla-lamm.de\/cms\/wp-json\/wp\/v2\/media\/5494"}],"wp:attachment":[{"href":"https:\/\/www.walhalla-lamm.de\/cms\/wp-json\/wp\/v2\/media?parent=2360"}],"wp:term":[{"taxonomy":"product_brand","embeddable":true,"href":"https:\/\/www.walhalla-lamm.de\/cms\/wp-json\/wp\/v2\/product_brand?post=2360"},{"taxonomy":"product_cat","embeddable":true,"href":"https:\/\/www.walhalla-lamm.de\/cms\/wp-json\/wp\/v2\/product_cat?post=2360"},{"taxonomy":"product_tag","embeddable":true,"href":"https:\/\/www.walhalla-lamm.de\/cms\/wp-json\/wp\/v2\/product_tag?post=2360"}],"curies":[{"name":"wp","href":"https:\/\/api.w.org\/{rel}","templated":true}]}}