{"id":2448,"date":"2021-02-10T14:18:02","date_gmt":"2021-02-10T13:18:02","guid":{"rendered":"http:\/\/www.walhalla-lamm.de\/cms\/?post_type=product&#038;p=2448"},"modified":"2025-07-31T00:05:07","modified_gmt":"2025-07-30T22:05:07","slug":"kinder-nagelbuerste-mit-motiv","status":"publish","type":"product","link":"https:\/\/www.walhalla-lamm.de\/cms\/shop\/buersten\/kinder-nagelbuerste-mit-motiv\/","title":{"rendered":"Kinder-Nagelb\u00fcrste mit Motiv"},"content":{"rendered":"<p>K\u00f6rperpflege will gelernt sein!<\/p>\n<p>W\u00e4r es nicht sch\u00f6n, wenn sich Ihre Kleinen gerne die H\u00e4nde waschen w\u00fcrden und dies auch noch alleine und mit viel Freude? Dann versuchen Sie es doch einfach mal mit dieser kleinen Kindernagelb\u00fcrste, die optimal in die kleinen Kinderh\u00e4nde passt.<\/p>\n<p>Kinder sollten bereits fr\u00fch mit der t\u00e4glichen K\u00f6rperpflege vertraut gemacht werden. Gemeinsam mit den Eltern macht dies besonders viel Spa\u00df und wird schnell zum t\u00e4glichen Ritual. Es erf\u00fcllt den Nachwuchs mit Stolz, wenn das gr\u00fcndliche H\u00e4ndewaschen funktioniert und von den Eltern mit reichlich Anerkennung belohnt wird.<\/p>\n<p>Gewachstes Buchenholz mit heller, weicher Borste; bedruckt mit verschiedenen Tiermotiven<\/p>\n<p>Gr\u00f6\u00dfe: ca. 6 x 3 cm<\/p>\n","protected":false},"excerpt":{"rendered":"<p>W\u00e4hlen Sie das Motiv.<\/p>\n","protected":false},"featured_media":5565,"comment_status":"closed","ping_status":"closed","template":"","meta":[],"product_brand":[],"product_cat":[224],"product_tag":[],"class_list":{"0":"post-2448","1":"product","2":"type-product","3":"status-publish","4":"has-post-thumbnail","6":"product_cat-buersten","8":"first","9":"instock","10":"taxable","11":"shipping-taxable","12":"purchasable","13":"product-type-variable","14":"has-default-attributes"},"_links":{"self":[{"href":"https:\/\/www.walhalla-lamm.de\/cms\/wp-json\/wp\/v2\/product\/2448","targetHints":{"allow":["GET"]}}],"collection":[{"href":"https:\/\/www.walhalla-lamm.de\/cms\/wp-json\/wp\/v2\/product"}],"about":[{"href":"https:\/\/www.walhalla-lamm.de\/cms\/wp-json\/wp\/v2\/types\/product"}],"replies":[{"embeddable":true,"href":"https:\/\/www.walhalla-lamm.de\/cms\/wp-json\/wp\/v2\/comments?post=2448"}],"wp:featuredmedia":[{"embeddable":true,"href":"https:\/\/www.walhalla-lamm.de\/cms\/wp-json\/wp\/v2\/media\/5565"}],"wp:attachment":[{"href":"https:\/\/www.walhalla-lamm.de\/cms\/wp-json\/wp\/v2\/media?parent=2448"}],"wp:term":[{"taxonomy":"product_brand","embeddable":true,"href":"https:\/\/www.walhalla-lamm.de\/cms\/wp-json\/wp\/v2\/product_brand?post=2448"},{"taxonomy":"product_cat","embeddable":true,"href":"https:\/\/www.walhalla-lamm.de\/cms\/wp-json\/wp\/v2\/product_cat?post=2448"},{"taxonomy":"product_tag","embeddable":true,"href":"https:\/\/www.walhalla-lamm.de\/cms\/wp-json\/wp\/v2\/product_tag?post=2448"}],"curies":[{"name":"wp","href":"https:\/\/api.w.org\/{rel}","templated":true}]}}