{"id":2506,"date":"2021-02-12T19:44:37","date_gmt":"2021-02-12T18:44:37","guid":{"rendered":"http:\/\/www.walhalla-lamm.de\/cms\/?post_type=product&#038;p=2506"},"modified":"2026-04-09T20:36:37","modified_gmt":"2026-04-09T18:36:37","slug":"zedernoel-rot-zedern-oel","status":"publish","type":"product","link":"https:\/\/www.walhalla-lamm.de\/cms\/shop\/fellprodukte\/zedernoel-rot-zedern-oel\/","title":{"rendered":"Zedern\u00f6l (Rot-Zedern-\u00d6l)"},"content":{"rendered":"<p>Natu\u0308rlicher Mottenschutz ohne Chemie!<\/p>\n<p>Das rein \u00e4therische Zedernholz-\u00d6l (red cedar) ist hervorragend zur Auffrischung von Zedernholz-Artikeln und zur Aromatisierung geeignet. Alternativ ein paar Tropfen des \u00d6ls auf ein Tuch tr\u00e4ufeln und dieses in den Kleiderschrank legen.<br \/>\nDas fu\u0308r Menschen sehr angenehm riechende Holz der amerikanischen Rot-Zeder ist fu\u0308r Motten unertr\u00e4glich.<\/p>\n<p>Diese Art von Mottenschutz ist absolut umweltvertr\u00e4glich, da die amerikanische Rot-Zeder nicht zu den gef\u00e4hrdeten Arten geh\u00f6rt und staatlich kontrolliert gepflanzt wird.<\/p>\n<p>100% reines \u00e4therisches \u00d6l<\/p>\n<p>Gr\u00f6\u00dfe: 10 ml<\/p>\n","protected":false},"excerpt":{"rendered":"<p>Natu\u0308rlicher Mottenschutz ohne Chemie! Das rein \u00e4therische Zedernholz-\u00d6l (red cedar) ist hervorragend zur Auffrischung von Zedernholz-Artikeln und zur Aromatisierung geeignet. Alternativ ein paar Tropfen des \u00d6ls auf ein Tuch tr\u00e4ufeln und dieses in den Kleiderschrank legen. Das fu\u0308r Menschen sehr angenehm riechende Holz der amerikanischen Rot-Zeder ist fu\u0308r Motten unertr\u00e4glich. Diese Art von Mottenschutz ist [&hellip;]<\/p>\n","protected":false},"featured_media":5611,"comment_status":"closed","ping_status":"closed","template":"","meta":[],"product_brand":[],"product_cat":[72,234,71],"product_tag":[],"class_list":{"0":"post-2506","1":"product","2":"type-product","3":"status-publish","4":"has-post-thumbnail","6":"product_cat-fellprodukte","7":"product_cat-repellent","8":"product_cat-schafwoll-strickwolle","10":"first","11":"outofstock","12":"taxable","13":"shipping-taxable","14":"purchasable","15":"product-type-simple"},"_links":{"self":[{"href":"https:\/\/www.walhalla-lamm.de\/cms\/wp-json\/wp\/v2\/product\/2506","targetHints":{"allow":["GET"]}}],"collection":[{"href":"https:\/\/www.walhalla-lamm.de\/cms\/wp-json\/wp\/v2\/product"}],"about":[{"href":"https:\/\/www.walhalla-lamm.de\/cms\/wp-json\/wp\/v2\/types\/product"}],"replies":[{"embeddable":true,"href":"https:\/\/www.walhalla-lamm.de\/cms\/wp-json\/wp\/v2\/comments?post=2506"}],"wp:featuredmedia":[{"embeddable":true,"href":"https:\/\/www.walhalla-lamm.de\/cms\/wp-json\/wp\/v2\/media\/5611"}],"wp:attachment":[{"href":"https:\/\/www.walhalla-lamm.de\/cms\/wp-json\/wp\/v2\/media?parent=2506"}],"wp:term":[{"taxonomy":"product_brand","embeddable":true,"href":"https:\/\/www.walhalla-lamm.de\/cms\/wp-json\/wp\/v2\/product_brand?post=2506"},{"taxonomy":"product_cat","embeddable":true,"href":"https:\/\/www.walhalla-lamm.de\/cms\/wp-json\/wp\/v2\/product_cat?post=2506"},{"taxonomy":"product_tag","embeddable":true,"href":"https:\/\/www.walhalla-lamm.de\/cms\/wp-json\/wp\/v2\/product_tag?post=2506"}],"curies":[{"name":"wp","href":"https:\/\/api.w.org\/{rel}","templated":true}]}}