{"id":307,"date":"2020-04-15T09:39:05","date_gmt":"2020-04-15T07:39:05","guid":{"rendered":"http:\/\/www.walhalla-lamm.de\/cms\/?post_type=product&#038;p=307"},"modified":"2025-02-17T09:15:04","modified_gmt":"2025-02-17T08:15:04","slug":"seifensaeckchen-mit-sisal","status":"publish","type":"product","link":"https:\/\/www.walhalla-lamm.de\/cms\/shop\/kosmetikzubehoer\/seifensaeckchen-mit-sisal\/","title":{"rendered":"Seifens\u00e4ckchen mit Sisal"},"content":{"rendered":"<p>Kleines S\u00e4ckchen, gro\u00dfartige Wirkung!<\/p>\n<p>Wohin mit all den kleinen Seifenresten?<\/p>\n<p>Bevor Ihnen die kleinen Reste durch die Finger gleiten und im Abfluss verschwinden, k\u00f6nnen Sie diese in dem Seifens\u00e4ckchen sammeln und aufbrauchen. Nat\u00fcrlich kann man auch ein ganzes Seifenst\u00fcck in das S\u00e4ckchen stecken und damit duschen. Anschlie\u00dfend das S\u00e4ckchen einfach zu Trocknen aufh\u00e4ngen oder auf einen Travertinstein legen; so kann die Seife sch\u00f6n abtrocknen, wieder fest werden und verbraucht sich nicht so schnell.<\/p>\n<p>Positiver Nebeneffekt: mit dem Seifens\u00e4ckchen peelen und massieren Sie Ihre Haut, entfernen \u00fcbersch\u00fcssige Hautsch\u00fcppchen und sorgen so f\u00fcr ein gleichm\u00e4\u00dfig sch\u00f6nes und glattes Hautbild.<br \/>\nEinfach vor dem Duschen das S\u00e4ckchen nass machen, kurz durchkneten damit ein sch\u00f6ner feiner Schaum entsteht und anschie\u00dfend mit dem &#8220;Waschlappen&#8221; den ganzen K\u00f6rper einseifen.<\/p>\n<p>Aus nachwachsenden Rohstoffen und bei 30\u00b0 Grad waschbar in der Maschine.<\/p>\n<p>Gr\u00f6\u00dfe: 11 x 12,5 cm<\/p>\n","protected":false},"excerpt":{"rendered":"<p>Kleines S\u00e4ckchen, gro\u00dfartige Wirkung! Wohin mit all den kleinen Seifenresten? Bevor Ihnen die kleinen Reste durch die Finger gleiten und im Abfluss verschwinden, k\u00f6nnen Sie diese in dem Seifens\u00e4ckchen sammeln und aufbrauchen. Nat\u00fcrlich kann man auch ein ganzes Seifenst\u00fcck in das S\u00e4ckchen stecken und damit duschen. Anschlie\u00dfend das S\u00e4ckchen einfach zu Trocknen aufh\u00e4ngen oder auf [&hellip;]<\/p>\n","protected":false},"featured_media":3817,"comment_status":"closed","ping_status":"closed","template":"","meta":[],"product_brand":[],"product_cat":[42],"product_tag":[],"class_list":{"0":"post-307","1":"product","2":"type-product","3":"status-publish","4":"has-post-thumbnail","6":"product_cat-kosmetikzubehoer","8":"first","9":"instock","10":"taxable","11":"shipping-taxable","12":"purchasable","13":"product-type-simple"},"_links":{"self":[{"href":"https:\/\/www.walhalla-lamm.de\/cms\/wp-json\/wp\/v2\/product\/307","targetHints":{"allow":["GET"]}}],"collection":[{"href":"https:\/\/www.walhalla-lamm.de\/cms\/wp-json\/wp\/v2\/product"}],"about":[{"href":"https:\/\/www.walhalla-lamm.de\/cms\/wp-json\/wp\/v2\/types\/product"}],"replies":[{"embeddable":true,"href":"https:\/\/www.walhalla-lamm.de\/cms\/wp-json\/wp\/v2\/comments?post=307"}],"wp:featuredmedia":[{"embeddable":true,"href":"https:\/\/www.walhalla-lamm.de\/cms\/wp-json\/wp\/v2\/media\/3817"}],"wp:attachment":[{"href":"https:\/\/www.walhalla-lamm.de\/cms\/wp-json\/wp\/v2\/media?parent=307"}],"wp:term":[{"taxonomy":"product_brand","embeddable":true,"href":"https:\/\/www.walhalla-lamm.de\/cms\/wp-json\/wp\/v2\/product_brand?post=307"},{"taxonomy":"product_cat","embeddable":true,"href":"https:\/\/www.walhalla-lamm.de\/cms\/wp-json\/wp\/v2\/product_cat?post=307"},{"taxonomy":"product_tag","embeddable":true,"href":"https:\/\/www.walhalla-lamm.de\/cms\/wp-json\/wp\/v2\/product_tag?post=307"}],"curies":[{"name":"wp","href":"https:\/\/api.w.org\/{rel}","templated":true}]}}