{"id":359,"date":"2020-04-17T08:29:16","date_gmt":"2020-04-17T06:29:16","guid":{"rendered":"http:\/\/www.walhalla-lamm.de\/cms\/?post_type=product&#038;p=359"},"modified":"2026-04-16T22:02:21","modified_gmt":"2026-04-16T20:02:21","slug":"lanolinseife-lavendel","status":"publish","type":"product","link":"https:\/\/www.walhalla-lamm.de\/cms\/shop\/seife-kosmetik\/100gstuecke\/lanolinseife\/lanolinseife-lavendel\/","title":{"rendered":"Lanolinseife Lavendel"},"content":{"rendered":"<p>Ein Muss f\u00fcr jeden Lavendel-Liebhaber!<\/p>\n<p>Beim Waschen hinterl\u00e4sst diese Seife einen zarten Duft nach frischem Lavendel auf Ihrer Haut. Die zugesetzten Bl\u00fcten, Bl\u00e4tter und St\u00e4ngel des Lavendels sorgen f\u00fcr einen angenehmen Peelingeffekt beim Waschen und Duschen. F\u00fcr die stark r\u00fcckfettende Wirkung ist das Lanolin in der Seife verantwortlich, welche ein Eincremen nach dem Duschen \u00fcberfl\u00fcssig macht.<\/p>\n<p>Genie\u00dfen Sie einen Hauch der sonnendurchfluteten Provence.<\/p>\n<p>&nbsp;<\/p>\n","protected":false},"excerpt":{"rendered":"<p>Ein Muss f\u00fcr jeden Lavendel-Liebhaber! Beim Waschen hinterl\u00e4sst diese Seife einen zarten Duft nach frischem Lavendel auf Ihrer Haut. Die zugesetzten Bl\u00fcten, Bl\u00e4tter und St\u00e4ngel des Lavendels sorgen f\u00fcr einen angenehmen Peelingeffekt beim Waschen und Duschen. F\u00fcr die stark r\u00fcckfettende Wirkung ist das Lanolin in der Seife verantwortlich, welche ein Eincremen nach dem Duschen \u00fcberfl\u00fcssig [&hellip;]<\/p>\n","protected":false},"featured_media":4533,"comment_status":"closed","ping_status":"closed","template":"","meta":[],"product_brand":[],"product_cat":[23,22],"product_tag":[],"class_list":{"0":"post-359","1":"product","2":"type-product","3":"status-publish","4":"has-post-thumbnail","6":"product_cat-lanolinseife","7":"product_cat-seife-kosmetik","9":"first","10":"instock","11":"taxable","12":"shipping-taxable","13":"purchasable","14":"product-type-simple"},"_links":{"self":[{"href":"https:\/\/www.walhalla-lamm.de\/cms\/wp-json\/wp\/v2\/product\/359","targetHints":{"allow":["GET"]}}],"collection":[{"href":"https:\/\/www.walhalla-lamm.de\/cms\/wp-json\/wp\/v2\/product"}],"about":[{"href":"https:\/\/www.walhalla-lamm.de\/cms\/wp-json\/wp\/v2\/types\/product"}],"replies":[{"embeddable":true,"href":"https:\/\/www.walhalla-lamm.de\/cms\/wp-json\/wp\/v2\/comments?post=359"}],"wp:featuredmedia":[{"embeddable":true,"href":"https:\/\/www.walhalla-lamm.de\/cms\/wp-json\/wp\/v2\/media\/4533"}],"wp:attachment":[{"href":"https:\/\/www.walhalla-lamm.de\/cms\/wp-json\/wp\/v2\/media?parent=359"}],"wp:term":[{"taxonomy":"product_brand","embeddable":true,"href":"https:\/\/www.walhalla-lamm.de\/cms\/wp-json\/wp\/v2\/product_brand?post=359"},{"taxonomy":"product_cat","embeddable":true,"href":"https:\/\/www.walhalla-lamm.de\/cms\/wp-json\/wp\/v2\/product_cat?post=359"},{"taxonomy":"product_tag","embeddable":true,"href":"https:\/\/www.walhalla-lamm.de\/cms\/wp-json\/wp\/v2\/product_tag?post=359"}],"curies":[{"name":"wp","href":"https:\/\/api.w.org\/{rel}","templated":true}]}}