{"id":3952,"date":"2022-03-04T13:41:24","date_gmt":"2022-03-04T12:41:24","guid":{"rendered":"http:\/\/www.walhalla-lamm.de\/cms\/?post_type=product&#038;p=3952"},"modified":"2026-02-20T06:30:41","modified_gmt":"2026-02-20T05:30:41","slug":"schafwoll-filz-eierwaermer-einhorn-wuschelkopf","status":"publish","type":"product","link":"https:\/\/www.walhalla-lamm.de\/cms\/shop\/filzprodukte\/filz-eierwaermer\/schafwoll-filz-eierwaermer-einhorn-wuschelkopf\/","title":{"rendered":"Schafwoll-Filz Eierw\u00e4rmer Einhorn Wuschelkopf"},"content":{"rendered":"<p>Ein lustiger Begleiter an Ihrem Fr\u00fchst\u00fcckstisch.<\/p>\n<p>Alle Tiere bestehen auf 100 % Schafwolle und sind von Hand gefilzt; somit ist jedes ein echtes Unikat und einzigartig.<\/p>\n<p>Gr\u00f6\u00dfe: ca. 20 cm \/ Durchmesser: ca. 7 cm<\/p>\n<p>&nbsp;<\/p>\n","protected":false},"excerpt":{"rendered":"<p>L\u00e4nge 17 (davon 10 &#8220;Haar&#8221;) cm, Breite 22 (davon 17 &#8220;Haar&#8221;) cm, H\u00f6he 24 (K\u00f6rper 15 + Einhorn 6, Haar 9) cm.<\/p>\n","protected":false},"featured_media":3953,"comment_status":"closed","ping_status":"closed","template":"","meta":[],"product_brand":[],"product_cat":[222],"product_tag":[],"class_list":{"0":"post-3952","1":"product","2":"type-product","3":"status-publish","4":"has-post-thumbnail","6":"product_cat-filz-eierwaermer","8":"first","9":"instock","10":"taxable","11":"shipping-taxable","12":"purchasable","13":"product-type-simple"},"_links":{"self":[{"href":"https:\/\/www.walhalla-lamm.de\/cms\/wp-json\/wp\/v2\/product\/3952","targetHints":{"allow":["GET"]}}],"collection":[{"href":"https:\/\/www.walhalla-lamm.de\/cms\/wp-json\/wp\/v2\/product"}],"about":[{"href":"https:\/\/www.walhalla-lamm.de\/cms\/wp-json\/wp\/v2\/types\/product"}],"replies":[{"embeddable":true,"href":"https:\/\/www.walhalla-lamm.de\/cms\/wp-json\/wp\/v2\/comments?post=3952"}],"wp:featuredmedia":[{"embeddable":true,"href":"https:\/\/www.walhalla-lamm.de\/cms\/wp-json\/wp\/v2\/media\/3953"}],"wp:attachment":[{"href":"https:\/\/www.walhalla-lamm.de\/cms\/wp-json\/wp\/v2\/media?parent=3952"}],"wp:term":[{"taxonomy":"product_brand","embeddable":true,"href":"https:\/\/www.walhalla-lamm.de\/cms\/wp-json\/wp\/v2\/product_brand?post=3952"},{"taxonomy":"product_cat","embeddable":true,"href":"https:\/\/www.walhalla-lamm.de\/cms\/wp-json\/wp\/v2\/product_cat?post=3952"},{"taxonomy":"product_tag","embeddable":true,"href":"https:\/\/www.walhalla-lamm.de\/cms\/wp-json\/wp\/v2\/product_tag?post=3952"}],"curies":[{"name":"wp","href":"https:\/\/api.w.org\/{rel}","templated":true}]}}