{"id":6530,"date":"2024-04-06T08:50:41","date_gmt":"2024-04-06T06:50:41","guid":{"rendered":"http:\/\/www.walhalla-lamm.de\/cms\/?post_type=product&#038;p=6530"},"modified":"2026-02-07T04:37:21","modified_gmt":"2026-02-07T03:37:21","slug":"schafmilch-schaumseife-feuerwehr-schaum-fluessigseife-mit-biologischer-schafmilch-beerentraum","status":"publish","type":"product","link":"https:\/\/www.walhalla-lamm.de\/cms\/shop\/seife-kosmetik\/schafmilch-schaumseife-feuerwehr-schaum-fluessigseife-mit-biologischer-schafmilch-beerentraum\/","title":{"rendered":"Schafmilch-Schaumseife &#8220;Feuerwehr-Schaum &#8212; Beerentraum&#8221; Fl\u00fcssigseife im Spender"},"content":{"rendered":"<p>Der Einsatz ruft, rette deine Freunde in der schaumigen Abenteuerwelt.<\/p>\n<p><strong>Original Florex\u00ae Kinderwelt Schaumseife<\/strong><br \/>\nmacht H\u00e4ndewaschen zum cremigen Schaumerlebnis.<\/p>\n<p>Durch den speziellen Pumpspender wird die Seife in weichen und cremigen Schaum umgewandelt. So wird das H\u00e4ndewaschen kombiniert mit einem s\u00fc\u00dfen Beerenduft, besonders f\u00fcr kleine Feuerwehrfreunde, zu einem abenteuerlichen Erlebnis.<\/p>\n<ul>\n<li>Milder und besonders cremiger Seifenschaum<\/li>\n<li>Reinigt sanft und gr\u00fcndlich kleine Kinderh\u00e4nde<\/li>\n<li>Macht H\u00e4ndewaschen f\u00fcr kleine Feuerwehrfreunde zum abenteuerlichen Erlebnis<\/li>\n<li>F\u00fcr sensible Kinderhaut<\/li>\n<li>Ideale Kombination aus Pflege und Spa\u00df<\/li>\n<li>Mit biologischer Schafmilch<\/li>\n<\/ul>\n<p><strong>Tipp:<\/strong>\u00a0Durch die milde und pflegende Rezeptur auch f\u00fcr die sanfte Reinigung von Gesicht und K\u00f6rper geeignet.<\/p>\n","protected":false},"excerpt":{"rendered":"<p>Der Einsatz ruft, rette deine Freunde in der schaumigen Abenteuerwelt. Original Florex\u00ae Kinderwelt Schaumseife macht H\u00e4ndewaschen zum cremigen Schaumerlebnis. Durch den speziellen Pumpspender wird die Seife in weichen und cremigen Schaum umgewandelt. So wird das H\u00e4ndewaschen kombiniert mit einem s\u00fc\u00dfen Beerenduft, besonders f\u00fcr kleine Feuerwehrfreunde, zu einem abenteuerlichen Erlebnis. Milder und besonders cremiger Seifenschaum Reinigt [&hellip;]<\/p>\n","protected":false},"featured_media":7748,"comment_status":"closed","ping_status":"closed","template":"","meta":[],"product_brand":[],"product_cat":[22],"product_tag":[],"class_list":{"0":"post-6530","1":"product","2":"type-product","3":"status-publish","4":"has-post-thumbnail","6":"product_cat-seife-kosmetik","8":"first","9":"instock","10":"taxable","11":"shipping-taxable","12":"purchasable","13":"product-type-simple"},"_links":{"self":[{"href":"https:\/\/www.walhalla-lamm.de\/cms\/wp-json\/wp\/v2\/product\/6530","targetHints":{"allow":["GET"]}}],"collection":[{"href":"https:\/\/www.walhalla-lamm.de\/cms\/wp-json\/wp\/v2\/product"}],"about":[{"href":"https:\/\/www.walhalla-lamm.de\/cms\/wp-json\/wp\/v2\/types\/product"}],"replies":[{"embeddable":true,"href":"https:\/\/www.walhalla-lamm.de\/cms\/wp-json\/wp\/v2\/comments?post=6530"}],"wp:featuredmedia":[{"embeddable":true,"href":"https:\/\/www.walhalla-lamm.de\/cms\/wp-json\/wp\/v2\/media\/7748"}],"wp:attachment":[{"href":"https:\/\/www.walhalla-lamm.de\/cms\/wp-json\/wp\/v2\/media?parent=6530"}],"wp:term":[{"taxonomy":"product_brand","embeddable":true,"href":"https:\/\/www.walhalla-lamm.de\/cms\/wp-json\/wp\/v2\/product_brand?post=6530"},{"taxonomy":"product_cat","embeddable":true,"href":"https:\/\/www.walhalla-lamm.de\/cms\/wp-json\/wp\/v2\/product_cat?post=6530"},{"taxonomy":"product_tag","embeddable":true,"href":"https:\/\/www.walhalla-lamm.de\/cms\/wp-json\/wp\/v2\/product_tag?post=6530"}],"curies":[{"name":"wp","href":"https:\/\/api.w.org\/{rel}","templated":true}]}}