{"id":708,"date":"2020-04-27T12:22:20","date_gmt":"2020-04-27T10:22:20","guid":{"rendered":"http:\/\/www.walhalla-lamm.de\/cms\/?post_type=product&#038;p=708"},"modified":"2026-04-08T19:14:21","modified_gmt":"2026-04-08T17:14:21","slug":"badepraline-mit-schafmilch-rose-cassis","status":"publish","type":"product","link":"https:\/\/www.walhalla-lamm.de\/cms\/shop\/seife-kosmetik\/koerperpflege\/badepraline-mit-schafmilch-rose-cassis\/","title":{"rendered":"Badepraline mit Schafmilch Rose-Cassis"},"content":{"rendered":"<p>Cleopatra nahm Eselsmilch &#8211; wir nehmen Schafmilch!<\/p>\n<p>Anders als bei einem \u00d6lbad bei dem die Cremigkeit an der Oberfl\u00e4che &#8220;schwimmt&#8221;,\u00a0 ist beim Schafmilchbad das ganze Wasser cremig und zart. Die Pflege erreicht damit auch Stellen, die sonst nicht so leicht einzucremen sind. Nach dem entspannenden Bad ohne Abduschen einfach aus der Wanne steigen und sich wohlf\u00fchlen. Eine Badepraline reicht f\u00fcr ein Vollbad.<\/p>\n<p>Die Duftkomposition der Badepraline Rose-Cassis erinnert an den gleichzeitig s\u00fc\u00dfen und herben Duft der schwarzen Johannisbeere; dar\u00fcber liegt eine leichte Rosennote. Nach kurzer Zeit schwimmen Rosenbl\u00e4tter auf dem Wasser &#8211; einfach verf\u00fchrerisch!<\/p>\n<p>&nbsp;<\/p>\n","protected":false},"excerpt":{"rendered":"<p>Cleopatra nahm Eselsmilch &#8211; wir nehmen Schafmilch! Anders als bei einem \u00d6lbad bei dem die Cremigkeit an der Oberfl\u00e4che &#8220;schwimmt&#8221;,\u00a0 ist beim Schafmilchbad das ganze Wasser cremig und zart. Die Pflege erreicht damit auch Stellen, die sonst nicht so leicht einzucremen sind. Nach dem entspannenden Bad ohne Abduschen einfach aus der Wanne steigen und sich [&hellip;]<\/p>\n","protected":false},"featured_media":3592,"comment_status":"closed","ping_status":"closed","template":"","meta":[],"product_brand":[],"product_cat":[41,22],"product_tag":[],"class_list":{"0":"post-708","1":"product","2":"type-product","3":"status-publish","4":"has-post-thumbnail","6":"product_cat-koerperpflege","7":"product_cat-seife-kosmetik","9":"first","10":"instock","11":"downloadable","12":"taxable","13":"shipping-taxable","14":"purchasable","15":"product-type-simple"},"_links":{"self":[{"href":"https:\/\/www.walhalla-lamm.de\/cms\/wp-json\/wp\/v2\/product\/708","targetHints":{"allow":["GET"]}}],"collection":[{"href":"https:\/\/www.walhalla-lamm.de\/cms\/wp-json\/wp\/v2\/product"}],"about":[{"href":"https:\/\/www.walhalla-lamm.de\/cms\/wp-json\/wp\/v2\/types\/product"}],"replies":[{"embeddable":true,"href":"https:\/\/www.walhalla-lamm.de\/cms\/wp-json\/wp\/v2\/comments?post=708"}],"wp:featuredmedia":[{"embeddable":true,"href":"https:\/\/www.walhalla-lamm.de\/cms\/wp-json\/wp\/v2\/media\/3592"}],"wp:attachment":[{"href":"https:\/\/www.walhalla-lamm.de\/cms\/wp-json\/wp\/v2\/media?parent=708"}],"wp:term":[{"taxonomy":"product_brand","embeddable":true,"href":"https:\/\/www.walhalla-lamm.de\/cms\/wp-json\/wp\/v2\/product_brand?post=708"},{"taxonomy":"product_cat","embeddable":true,"href":"https:\/\/www.walhalla-lamm.de\/cms\/wp-json\/wp\/v2\/product_cat?post=708"},{"taxonomy":"product_tag","embeddable":true,"href":"https:\/\/www.walhalla-lamm.de\/cms\/wp-json\/wp\/v2\/product_tag?post=708"}],"curies":[{"name":"wp","href":"https:\/\/api.w.org\/{rel}","templated":true}]}}