{"id":873,"date":"2020-05-04T08:05:31","date_gmt":"2020-05-04T06:05:31","guid":{"rendered":"http:\/\/www.walhalla-lamm.de\/cms\/?post_type=product&#038;p=873"},"modified":"2025-12-20T15:49:25","modified_gmt":"2025-12-20T14:49:25","slug":"kartoffel-balsam-mit-schafsmilch","status":"publish","type":"product","link":"https:\/\/www.walhalla-lamm.de\/cms\/shop\/seife-kosmetik\/koerperpflege\/cremes\/kartoffel-balsam-mit-schafsmilch\/","title":{"rendered":"Kartoffel Balsam mit Schafmilch"},"content":{"rendered":"<p>Der Kartoffel-Balsam ist das Mittel der Wahl bei sehr trockener, schlecht heilender, zu Rissen neigender und verhornter Haut an H\u00e4nden und F\u00fc\u00dfen. Diese &#8220;Schrunden-Creme&#8221; mit Kartoffel-Extrakt, Getreide\u00f6l und Schafmilch bringt wieder Elastizit\u00e4t in Ihre Haut.<\/p>\n","protected":false},"excerpt":{"rendered":"<p>Der Kartoffel-Balsam ist das Mittel der Wahl bei sehr trockener, schlecht heilender, zu Rissen neigender und verhornter Haut an H\u00e4nden und F\u00fc\u00dfen. Diese &#8220;Schrunden-Creme&#8221; mit Kartoffel-Extrakt, Getreide\u00f6l und Schafmilch bringt wieder Elastizit\u00e4t in Ihre Haut.<\/p>\n","protected":false},"featured_media":4302,"comment_status":"closed","ping_status":"closed","template":"","meta":[],"product_brand":[],"product_cat":[59,41,22],"product_tag":[],"class_list":{"0":"post-873","1":"product","2":"type-product","3":"status-publish","4":"has-post-thumbnail","6":"product_cat-cremes","7":"product_cat-koerperpflege","8":"product_cat-seife-kosmetik","10":"first","11":"instock","12":"taxable","13":"shipping-taxable","14":"purchasable","15":"product-type-simple"},"_links":{"self":[{"href":"https:\/\/www.walhalla-lamm.de\/cms\/wp-json\/wp\/v2\/product\/873","targetHints":{"allow":["GET"]}}],"collection":[{"href":"https:\/\/www.walhalla-lamm.de\/cms\/wp-json\/wp\/v2\/product"}],"about":[{"href":"https:\/\/www.walhalla-lamm.de\/cms\/wp-json\/wp\/v2\/types\/product"}],"replies":[{"embeddable":true,"href":"https:\/\/www.walhalla-lamm.de\/cms\/wp-json\/wp\/v2\/comments?post=873"}],"wp:featuredmedia":[{"embeddable":true,"href":"https:\/\/www.walhalla-lamm.de\/cms\/wp-json\/wp\/v2\/media\/4302"}],"wp:attachment":[{"href":"https:\/\/www.walhalla-lamm.de\/cms\/wp-json\/wp\/v2\/media?parent=873"}],"wp:term":[{"taxonomy":"product_brand","embeddable":true,"href":"https:\/\/www.walhalla-lamm.de\/cms\/wp-json\/wp\/v2\/product_brand?post=873"},{"taxonomy":"product_cat","embeddable":true,"href":"https:\/\/www.walhalla-lamm.de\/cms\/wp-json\/wp\/v2\/product_cat?post=873"},{"taxonomy":"product_tag","embeddable":true,"href":"https:\/\/www.walhalla-lamm.de\/cms\/wp-json\/wp\/v2\/product_tag?post=873"}],"curies":[{"name":"wp","href":"https:\/\/api.w.org\/{rel}","templated":true}]}}